{"id":2,"date":"2015-02-03T17:24:16","date_gmt":"2015-02-03T17:24:16","guid":{"rendered":"http:\/\/localhost\/caseib15\/?page_id=2"},"modified":"2021-10-22T10:06:05","modified_gmt":"2021-10-22T09:06:05","slug":"pagina-ejemplo","status":"publish","type":"page","link":"https:\/\/caseib.es\/2021\/","title":{"rendered":"Bienvenida"},"content":{"rendered":"<hr \/>\n<p>Estimados compa\u00f1eros y amigos de la Ingenier\u00eda Biom\u00e9dica:<\/p>\n<p>En primer lugar, deseamos que todos sig\u00e1is bien y con una magn\u00edfica salud.<\/p>\n<p>En nombre del Comit\u00e9 Organizador, tenemos el placer de presentar el XXXIX Congreso Anual de la Sociedad Espa\u00f1ola de Ingenier\u00eda Biom\u00e9dica (<strong>CASEIB\u00a02021<\/strong>). La nueva edici\u00f3n de nuestro congreso tendr\u00e1 un formato virtual, tal como hicimos el a\u00f1o pasado, pero en un formato m\u00e1s reducido que el congreso tradicional y con una serie de nuevas propuestas que esperamos sean de inter\u00e9s. El congreso se celebrar\u00e1 los d\u00edas\u00a0<strong>25 y 26 de noviembre de\u00a02021<\/strong>, y estar\u00e1 organizado por el Grupo de Bioingenier\u00eda y Telemedicina de la Universidad Polit\u00e9cnica de Madrid y la Sociedad Espa\u00f1ola de Ingenier\u00eda Biom\u00e9dica (SEIB), en colaboraci\u00f3n con la Federaci\u00f3n de Empresas de Tecnolog\u00eda Sanitaria (FENIN) y el nodo espa\u00f1ol del European Institute of Innovation &amp; Technology in Health (EIT Health Spain).<\/p>\n<p>El objetivo principal de esta nueva edici\u00f3n de\u00a0CASEIB\u00a02021\u00a0ser\u00e1 potenciar a\u00fan m\u00e1s la participaci\u00f3n de los estudiantes de Ingenier\u00eda Biom\u00e9dica de grado, m\u00e1ster y doctorado.\u00a0CASEIB\u00a02021\u00a0tendr\u00e1 un enfoque muy dirigido hacia la innovaci\u00f3n y el emprendimiento como \u00e1reas fundamentales en nuestra disciplina, en l\u00ednea con el lema propuesto: \u201c<strong>La Ingenier\u00eda Biom\u00e9dica en la transformaci\u00f3n digital de la sanidad<\/strong>\u201d. El primer d\u00eda del congreso, organizado conjuntamente con FENIN, se centrar\u00e1 en conocer y analizar la visi\u00f3n de la industria de la tecnolog\u00eda sanitaria sobre el papel presente y futuro de las nuevas generaciones de ingenieros biom\u00e9dicos en la transformaci\u00f3n digital de la sanidad. En la agenda de este primer d\u00eda se incluir\u00e1n las sesiones de las competiciones de los estudiantes de grado de los renombrados \u201c<strong>Premios FENIN &#8211; Competici\u00f3n de estudiantes de Grado en Ingenier\u00eda Biom\u00e9dica<\/strong>\u201d y los \u201c<strong>Premios Prof. Jos\u00e9 M\u00aa Ferrero Corral<\/strong>\u201d para estudiantes de m\u00e1ster y doctorado.\u00a0 El segundo d\u00eda, organizado conjuntamente con EIT Health Spain, se desarrollar\u00e1 en ingl\u00e9s, y se centrar\u00e1 en la innovaci\u00f3n y emprendimiento en tecnolog\u00edas sanitarias. Incluir\u00e1 una sesi\u00f3n dedicada al nuevo \u201c<strong>Premio EIT Health Spain a la innovaci\u00f3n y emprendimiento en Ingenier\u00eda Biom\u00e9dica<\/strong>\u201d para estudiantes de grado, m\u00e1ster y doctorado. Gracias a la fruct\u00edfera colaboraci\u00f3n establecida entre SEIB, FENIN y EIT Health Spain, los tres premios del congreso estar\u00e1n dotados econ\u00f3micamente para los tres mejores trabajos finalistas.<\/p>\n<p>CASEIB\u00a02021 ser\u00e1 una edici\u00f3n especial en la que todos los estudiantes de ingenier\u00eda biom\u00e9dica y los socios de la SEIB disfrutar\u00e1n de una inscripci\u00f3n gratuita, no existiendo otro tipo de inscripciones en el congreso. Otro cambio importante en esta edici\u00f3n es que no existir\u00e1 la llamada habitual de trabajos ni la celebraci\u00f3n de sesiones cient\u00edficas de presentaci\u00f3n de trabajos, con la excepci\u00f3n de las sesiones de finalistas de las distintas competiciones. El libro de actas incluir\u00e1 todos los trabajos presentados en los \u201cPremios FENIN &#8211; Competici\u00f3n de estudiantes de Grado en Ingenier\u00eda Biom\u00e9dica\u201d (seleccionados por cada uno de los Grados), as\u00ed como los trabajos aceptados por el Comit\u00e9 Cient\u00edfico para su participaci\u00f3n en los \u201cPremios Prof. Jos\u00e9 M\u00aa. Ferrero Corral\u201d, con independencia de su selecci\u00f3n como finalistas. Finalmente, los trabajos presentados a este \u00faltimo, y aceptados por el Comit\u00e9 Cient\u00edfico, podr\u00e1n optar, si lo desean, a ser valorados para su publicaci\u00f3n en ediciones especiales de las <strong>revistas \u201cSensors\u201d y \u201cEntropy\u201d<\/strong>, con las condiciones establecidas en congresos anteriores.<\/p>\n<p>A continuaci\u00f3n, se resumen las fechas a tener en cuenta para enviar las comunicaciones:<\/p>\n<ul>\n<li><strong>Env\u00edo de comunicaciones:<\/strong> hasta el 20 de septiembre de 2021<\/li>\n<li><strong>Notificaci\u00f3n de aceptaci\u00f3n:<\/strong> 02 de noviembre de 2021<\/li>\n<\/ul>\n<p>Con la ilusi\u00f3n de volver al formato habitual del congreso\u00a0CASEIB\u00a0en el pr\u00f3ximo a\u00f1o 2022, confiamos que esta edici\u00f3n especial siga siendo el gran foro de conocimiento en Ingenier\u00eda Biom\u00e9dica en Espa\u00f1a.<\/p>\n<p>Esperando vuestra participaci\u00f3n, os enviamos un afectuoso saludo.<\/p>\n<p>Enrique J. G\u00f3mez \u2013 <em>Presidente del Comit\u00e9 Organizador\u00a0CASEIB\u00a02021<\/em><br \/>\nPatricia S\u00e1nchez \u2013 <em>Secretaria del Comit\u00e9 Organizador\u00a0CASEIB\u00a02021<\/em><br \/>\nM. Elena Hernando \u2013 <em>Secretaria del Comit\u00e9 Cient\u00edfico\u00a0CASEIB\u00a02021<\/em><\/p>\n","protected":false},"excerpt":{"rendered":"<p>Estimados compa\u00f1eros y amigos de la Ingenier\u00eda Biom\u00e9dica: En primer lugar, deseamos que todos sig\u00e1is bien y con una magn\u00edfica salud. En nombre del Comit\u00e9 Organizador, tenemos el placer de presentar el XXXIX Congreso Anual de la Sociedad Espa\u00f1ola de Ingenier\u00eda Biom\u00e9dica (CASEIB\u00a02021). La nueva edici\u00f3n de nuestro congreso tendr\u00e1\u2026<\/p>\n<p> <a class=\"continue-reading-link\" href=\"https:\/\/caseib.es\/2021\/\"><span>VER MAS<\/span><i class=\"crycon-right-dir\"><\/i><\/a> <\/p>\n","protected":false},"author":6,"featured_media":0,"parent":0,"menu_order":0,"comment_status":"closed","ping_status":"closed","template":"","meta":{"footnotes":""},"class_list":["post-2","page","type-page","status-publish","hentry"],"_links":{"self":[{"href":"https:\/\/caseib.es\/2021\/wp-json\/wp\/v2\/pages\/2","targetHints":{"allow":["GET"]}}],"collection":[{"href":"https:\/\/caseib.es\/2021\/wp-json\/wp\/v2\/pages"}],"about":[{"href":"https:\/\/caseib.es\/2021\/wp-json\/wp\/v2\/types\/page"}],"author":[{"embeddable":true,"href":"https:\/\/caseib.es\/2021\/wp-json\/wp\/v2\/users\/6"}],"replies":[{"embeddable":true,"href":"https:\/\/caseib.es\/2021\/wp-json\/wp\/v2\/comments?post=2"}],"version-history":[{"count":238,"href":"https:\/\/caseib.es\/2021\/wp-json\/wp\/v2\/pages\/2\/revisions"}],"predecessor-version":[{"id":3663,"href":"https:\/\/caseib.es\/2021\/wp-json\/wp\/v2\/pages\/2\/revisions\/3663"}],"wp:attachment":[{"href":"https:\/\/caseib.es\/2021\/wp-json\/wp\/v2\/media?parent=2"}],"curies":[{"name":"wp","href":"https:\/\/api.w.org\/{rel}","templated":true}]}}