{"id":231,"date":"2015-07-06T08:05:48","date_gmt":"2015-07-06T07:05:48","guid":{"rendered":"http:\/\/caseib16.es\/?page_id=231"},"modified":"2021-11-26T15:02:16","modified_gmt":"2021-11-26T14:02:16","slug":"estudiantes-de-grado-de-ingenieria-biomedica","status":"publish","type":"page","link":"https:\/\/caseib.es\/2021\/estudiantes-de-grado-de-ingenieria-biomedica\/","title":{"rendered":"Premios FENIN GIB"},"content":{"rendered":"<hr \/>\n<h4>Jueves 25 de noviembre de 2021<\/h4>\n<h3><strong>PREMIADOS<\/strong><\/h3>\n<p>1er premio: Cristina Almagro P\u00e9rez<\/p>\n<p>2\u00ba premio: Sof\u00eda Mares Bou<\/p>\n<p>3er premio: Enrique Navarro Ruiz<\/p>\n<hr \/>\n<h2 id=\"tablepress-58-name\" class=\"tablepress-table-name tablepress-table-name-id-58\">Finalistas Premios FENIN-GIB<\/h2>\n\n<table id=\"tablepress-58\" class=\"tablepress tablepress-id-58\" aria-labelledby=\"tablepress-58-name\">\n<tbody class=\"row-striping row-hover\">\n<tr class=\"row-1\">\n\t<td class=\"column-1\"><p style=\"text-align: center;\">11:50<\/p><\/td><td class=\"column-2\"><em>Implementing an optical tweezers setup as a microrheology technique to study the mechanical properties of the cytoplasm<\/em><br \/>\n<strong>A. Albajar Sigal\u00e9s<\/strong><br \/>\n<\/td>\n<\/tr>\n<tr class=\"row-2\">\n\t<td class=\"column-1\"><p style=\"text-align: center;\">12:00<\/p><\/td><td class=\"column-2\"><em>Dise\u00f1o e implementaci\u00f3n de algoritmos de machine learning para la caracterizaci\u00f3n objetiva del temblor patol\u00f3gico mediante se\u00f1ales cinem\u00e1ticas y fisiol\u00f3gicas<\/em><br \/>\n<strong>V. Lopo-Mart\u00ednez<\/strong><\/td>\n<\/tr>\n<tr class=\"row-3\">\n\t<td class=\"column-1\"><p style=\"text-align: center;\">12:10<\/p><\/td><td class=\"column-2\"><em>Monitorizaci\u00f3n longitudinal de la compliancia pulmonar basada en la TIE en pacientes infectados por COVID-19<\/em><br \/>\n<strong>I. Isasa Reinoso<\/strong><br \/>\n<\/td>\n<\/tr>\n<tr class=\"row-4\">\n\t<td class=\"column-1\"><p style=\"text-align: center;\">12:20<\/p><\/td><td class=\"column-2\"><em>A Virtual Reality Application for Training Medical Students in a Pneumothorax Procedure<\/em><br \/>\n<strong>I. M\u00e9ndez de Vigo Iriarte<\/strong><br \/>\n<\/td>\n<\/tr>\n<tr class=\"row-5\">\n\t<td class=\"column-1\"><p style=\"text-align: center;\">12:30<\/p><\/td><td class=\"column-2\"><em>Reconstrucci\u00f3n en 3D del microambiente inmunol\u00f3gico de tumores de c\u00e1ncer pancre\u00e1tico<\/em><br \/>\n<strong>C. Almagro-P\u00e9rez<\/strong><\/td>\n<\/tr>\n<tr class=\"row-6\">\n\t<td class=\"column-1\"><p style=\"text-align: center;\">12:40<\/p><\/td><td class=\"column-2\"><em>Estudio de la arquitectura temporal de la actividad neuronal en la demencia por enfermedad de Alzheimer mediante t\u00e9cnicas de conectividad funcional din\u00e1mica<\/em><br \/>\n<strong>M. Bautista-Salinero<\/strong><\/td>\n<\/tr>\n<tr class=\"row-7\">\n\t<td class=\"column-1\"><p style=\"text-align: center;\">12:50<\/p><\/td><td class=\"column-2\"><em>Optimizaci\u00f3n de hidrogeles inyectables y liberaci\u00f3n de factores de crecimiento hep\u00e1tico<\/em><br \/>\n<strong>S. Mares-Bou<\/strong><\/td>\n<\/tr>\n<tr class=\"row-8\">\n\t<td class=\"column-1\"><p style=\"text-align: center;\">13:00<\/p><\/td><td class=\"column-2\"><em>Discovering the drivers of aberrant splicing in cancer<\/em><br \/>\n<strong>A. A\u00f1orbe de Frutos<\/strong><\/td>\n<\/tr>\n<tr class=\"row-9\">\n\t<td class=\"column-1\"><p style=\"text-align: center;\">13:10<\/p><\/td><td class=\"column-2\"><em>An\u00e1lisis de texturas como ayuda al diagn\u00f3stico neurooncol\u00f3gico en im\u00e1genes de resonancia magn\u00e9tica<\/em><br \/>\n<strong>Marta Romera<\/strong><\/td>\n<\/tr>\n<tr class=\"row-10\">\n\t<td class=\"column-1\"><p style=\"text-align: center;\">13:20<\/p><\/td><td class=\"column-2\"><em>An\u00e1lisis de las variables biomec\u00e1nicas para el estudio del \u00edndice de ruptura de la Triple A<\/em><br \/>\n<strong>E. Navarro Ruiz<\/strong><\/td>\n<\/tr>\n<tr class=\"row-11\">\n\t<td class=\"column-1\"><p style=\"text-align: center;\">13:30<\/p><\/td><td class=\"column-2\"><em>SleepBCI: a platform for memory enhancement during sleep based on automatic scoring<\/em><br \/>\n<strong>M. Esparza-Iaizzo.<\/strong><\/td>\n<\/tr>\n<tr class=\"row-12\">\n\t<td class=\"column-1\"><p style=\"text-align: center;\">13:40<\/p><\/td><td class=\"column-2\"><em>Telerehabilitation of post-stroke motor impairment<\/em><br \/>\n<strong>A. Garc\u00eda<\/strong><\/td>\n<\/tr>\n<\/tbody>\n<\/table>\n<!-- #tablepress-58 from cache -->\n<hr \/>\n<p><strong>DIRIGIDO A ESTUDIANTES DE GRADOS DE INGENIER\u00cdA BIOM\u00c9DICA <\/strong><\/p>\n<p><strong>MOTIVACI\u00d3N<\/strong><\/p>\n<p>La Sociedad Espa\u00f1ola de Ingenier\u00eda Biom\u00e9dica y la Federaci\u00f3n Espa\u00f1ola de Empresas de Tecnolog\u00eda Sanitaria, coordinadas con los centros espa\u00f1oles en los que se imparten titulaciones de Graduado en Ingenier\u00eda Biom\u00e9dica, convoca la <strong>competici\u00f3n de estudiantes GIB<\/strong>.<\/p>\n<p><strong>\u00bfQUI\u00c9N PUEDE PARTICIPAR?<\/strong><\/p>\n<p>Pueden participar todos los estudiantes de Grados IB en el territorio espa\u00f1ol que hayan realizado un trabajo con resultados relevantes en el campo de la IB, ya sea como parte de su Trabajo Fin de Grado o de trabajos de asignaturas de la titulaci\u00f3n. El estudiante debe figurar como primer autor del trabajo presentado.<\/p>\n<p>Cada universidad seleccionar\u00e1 un m\u00e1ximo de <strong>1 trabajo<\/strong> entre los recibidos de sus estudiantes. Los estudiantes seleccionados podr\u00e1n asistir al CASEIB201 para presentar su trabajo de forma oral en la sesi\u00f3n dedicada a la los premios FENIN.<\/p>\n<p><strong>FORMATO Y ENV\u00cdO DE TRABAJOS<\/strong><\/p>\n<p>El formato de los trabajos es el mismo que el establecido en el congreso CASEIB2021 para el resto de trabajos.<\/p>\n<p>La fecha m\u00e1xima de env\u00edo de trabajos de los <strong>estudiantes<\/strong> a sus centros <strong>ser\u00e1 el 30 de septiembre de 2021<\/strong>. Los centros remitir\u00e1n los trabajos seleccionados al Comit\u00e9 Organizador del CASEIB2021 (p.sanchez@upm.es), antes del 25 de octubre, para que puedan ser incluidos en las actas del congreso.<\/p>\n<p><strong>PREMIOS<\/strong><\/p>\n<p>1er Premio: 600 \u20ac<\/p>\n<p>2\u00ba Premio: 400 \u20ac<\/p>\n<p>3er Permio: 200 \u20ac<\/p>\n<p>Adem\u00e1s, todos los seleccionados recibir\u00e1n una <strong>inscripci\u00f3n gratuita como miembro estudiante de la SEIB <\/strong>durante un a\u00f1o desde la fecha de celebraci\u00f3n del congreso.<\/p>\n<p><strong>PERSONAS DE CONTACTO<\/strong><\/p>\n<p>Los datos de contacto del coordinador\/a de cada Universidad, a los que los estudiantes deben enviar sus trabajos para optar el premio, son los siguientes:<\/p>\n<table width=\"699\">\n<tbody>\n<tr>\n<td width=\"32\"><strong>\u00a0<\/strong><\/td>\n<td colspan=\"3\" width=\"667\"><strong>COORDINADORES DE GRADO INGENIER\u00cdA BIOM\u00c9DICA\u00a0\u00a0\u00a0\u00a0\u00a0\u00a0\u00a0\u00a0\u00a0\u00a0\u00a0\u00a0\u00a0\u00a0 \u00a0CURSO 2020-2021<\/strong><\/td>\n<\/tr>\n<tr>\n<td width=\"32\">1<\/td>\n<td width=\"213\">Universitat Polit\u00e8cnica de Val\u00e8ncia<\/td>\n<td width=\"143\">Javier Saiz<\/td>\n<td width=\"311\">jsaiz@ci2b.upv.es<\/td>\n<\/tr>\n<tr>\n<td width=\"32\">2<\/td>\n<td width=\"213\">Universitat Pompeu Fabra<\/td>\n<td width=\"143\">J\u00e9rome Noailly<\/td>\n<td width=\"311\">jerome.noailly@upf.edu<\/td>\n<\/tr>\n<tr>\n<td width=\"32\">3<\/td>\n<td width=\"213\">Universitat Polit\u00e8cnica de Catalunya<\/td>\n<td width=\"143\">Daniel Rodr\u00edguez Rius<\/td>\n<td width=\"311\">daniel.rodriguez.rius@upc.edu<\/td>\n<\/tr>\n<tr>\n<td width=\"32\">4<\/td>\n<td width=\"213\">Universidad Carlos III<\/td>\n<td width=\"143\">Carlos Le\u00f3n Canseco<\/td>\n<td width=\"311\">cleon@ing.uc3m.es<\/td>\n<\/tr>\n<tr>\n<td width=\"32\">5<\/td>\n<td width=\"213\">Universidad de Barcelona<\/td>\n<td width=\"143\">Ramon Farre<\/td>\n<td width=\"311\">rfarre@ub.edu<\/td>\n<\/tr>\n<tr>\n<td width=\"32\">6<\/td>\n<td width=\"213\">Universidad CEU San Pablo<\/td>\n<td width=\"143\">Abraham Otero<\/td>\n<td width=\"311\">abraham.otero@gmail.com<\/td>\n<\/tr>\n<tr>\n<td width=\"32\">7<\/td>\n<td width=\"213\">Universidad de Mondrag\u00f3n<\/td>\n<td width=\"143\">Maialen Aguinagalde<\/td>\n<td width=\"311\">maginagalde@mondragon.edu<\/td>\n<\/tr>\n<tr>\n<td width=\"32\">8<\/td>\n<td width=\"213\">Universidad Rey Juan Carlos<\/td>\n<td width=\"143\">Cristina Soguero<\/td>\n<td width=\"311\">cristina.soguero@urjc.es<\/td>\n<\/tr>\n<tr>\n<td width=\"32\">9<\/td>\n<td width=\"213\">Universidad Europea<\/td>\n<td width=\"143\">Borja Rodr\u00edguez<\/td>\n<td width=\"311\">borja.rodriguez@universidadeuropea.es<\/td>\n<\/tr>\n<tr>\n<td width=\"32\">10<\/td>\n<td width=\"213\">Universidad Polit\u00e9cnica de Madrid<\/td>\n<td width=\"143\">Patricia S\u00e1nchez<\/td>\n<td width=\"311\">coordinacion.gib@etsit.upm.es<\/td>\n<\/tr>\n<tr>\n<td width=\"32\">11<\/td>\n<td width=\"213\">Universidad de Vigo<\/td>\n<td width=\"143\">Juan M\u00ba Pou<\/td>\n<td width=\"311\">jpou@uvigo.es<\/td>\n<\/tr>\n<tr>\n<td width=\"32\">12<\/td>\n<td width=\"213\">Universidad de Alicante<\/td>\n<td width=\"143\">Daniel Ruiz<\/td>\n<td width=\"311\">druiz@dtic.ua.es<\/td>\n<\/tr>\n<tr>\n<td width=\"32\">13<\/td>\n<td width=\"213\">TECNUN Universidad de Navarra<\/td>\n<td width=\"143\">Adam Podhorski<\/td>\n<td width=\"311\">apodhorski@tecnun.es<\/td>\n<\/tr>\n<tr>\n<td width=\"32\">14<\/td>\n<td width=\"213\">Universidad P\u00fablica de Navarra<\/td>\n<td width=\"143\">Jes\u00fas Daniel Trigo<\/td>\n<td width=\"311\">jesusdaniel.trigo@unavarra.es<\/td>\n<\/tr>\n<tr>\n<td width=\"32\">15<\/td>\n<td width=\"213\">Universitat Rovira I Virgili<\/td>\n<td width=\"143\">Xavier Correig<\/td>\n<td width=\"311\">xavier.correig@urv.cat<\/td>\n<\/tr>\n<tr>\n<td width=\"32\">16<\/td>\n<td width=\"213\">Universitat de Girona<\/td>\n<td width=\"143\">Beatriz L\u00f3pez<\/td>\n<td width=\"311\">beatriz.lopez@udg.edu<\/td>\n<\/tr>\n<tr>\n<td width=\"32\">17<\/td>\n<td width=\"213\">Universidad de Valladolid<\/td>\n<td width=\"143\">Roberto Hornero<\/td>\n<td width=\"311\">robhor@tel.uva.es<\/td>\n<\/tr>\n<tr>\n<td width=\"32\">18<\/td>\n<td width=\"213\">Universidad Aut\u00f3noma de Madrid<\/td>\n<td width=\"143\">Pablo Varona<\/td>\n<td width=\"311\">pablo.varona@uam.es<\/td>\n<\/tr>\n<\/tbody>\n<\/table>\n<p>&nbsp;<\/p>\n<p><span style=\"font-family: 'Source Sans Pro';\">Los estudiantes expondr\u00e1n oralmente su trabajo durante 6 minutos y debatir\u00e1n con el tribunal durante 4 minutos.<\/span><\/p>\n<p>&nbsp;<\/p>\n","protected":false},"excerpt":{"rendered":"<p>Jueves 25 de noviembre de 2021 PREMIADOS 1er premio: Cristina Almagro P\u00e9rez 2\u00ba premio: Sof\u00eda Mares Bou 3er premio: Enrique Navarro Ruiz DIRIGIDO A ESTUDIANTES DE GRADOS DE INGENIER\u00cdA BIOM\u00c9DICA MOTIVACI\u00d3N La Sociedad Espa\u00f1ola de Ingenier\u00eda Biom\u00e9dica y la Federaci\u00f3n Espa\u00f1ola de Empresas de Tecnolog\u00eda Sanitaria, coordinadas con los centros\u2026<\/p>\n<p> <a class=\"continue-reading-link\" href=\"https:\/\/caseib.es\/2021\/estudiantes-de-grado-de-ingenieria-biomedica\/\"><span>VER MAS<\/span><i class=\"crycon-right-dir\"><\/i><\/a> <\/p>\n","protected":false},"author":6,"featured_media":0,"parent":0,"menu_order":0,"comment_status":"closed","ping_status":"open","template":"","meta":{"footnotes":""},"class_list":["post-231","page","type-page","status-publish","hentry"],"_links":{"self":[{"href":"https:\/\/caseib.es\/2021\/wp-json\/wp\/v2\/pages\/231","targetHints":{"allow":["GET"]}}],"collection":[{"href":"https:\/\/caseib.es\/2021\/wp-json\/wp\/v2\/pages"}],"about":[{"href":"https:\/\/caseib.es\/2021\/wp-json\/wp\/v2\/types\/page"}],"author":[{"embeddable":true,"href":"https:\/\/caseib.es\/2021\/wp-json\/wp\/v2\/users\/6"}],"replies":[{"embeddable":true,"href":"https:\/\/caseib.es\/2021\/wp-json\/wp\/v2\/comments?post=231"}],"version-history":[{"count":123,"href":"https:\/\/caseib.es\/2021\/wp-json\/wp\/v2\/pages\/231\/revisions"}],"predecessor-version":[{"id":3738,"href":"https:\/\/caseib.es\/2021\/wp-json\/wp\/v2\/pages\/231\/revisions\/3738"}],"wp:attachment":[{"href":"https:\/\/caseib.es\/2021\/wp-json\/wp\/v2\/media?parent=231"}],"curies":[{"name":"wp","href":"https:\/\/api.w.org\/{rel}","templated":true}]}}