{"id":3004,"date":"2020-06-19T14:00:41","date_gmt":"2020-06-19T13:00:41","guid":{"rendered":"http:\/\/caseib.es\/2020\/?page_id=3004"},"modified":"2020-11-13T10:59:14","modified_gmt":"2020-11-13T09:59:14","slug":"sala-virtual-1","status":"publish","type":"page","link":"https:\/\/caseib.es\/2021\/sala-virtual-1\/","title":{"rendered":"Sala virtual 1"},"content":{"rendered":"<h4>Sala virtual 1: sesiones plenarias y competiciones de estudiantes.<\/h4>\n<ul>\n<li>Acto inaugural<\/li>\n<li>Conferencia plenaria inaugural<\/li>\n<li>Competici\u00f3n de estudiantes de Grado en Ingenier\u00eda Biom\u00e9dica<\/li>\n<li>Premio Jos\u00e9 Mar\u00eda Ferrero Corral<\/li>\n<li>Mesas redondas I y II<\/li>\n<li>Asamblea de la SEIB<\/li>\n<li>Conferencia de clausura y entrega de premios<\/li>\n<\/ul>\n<p>&nbsp;<\/p>\n<p>&nbsp;<\/p>\n","protected":false},"excerpt":{"rendered":"<p>Sala virtual 1: sesiones plenarias y competiciones de estudiantes. Acto inaugural Conferencia plenaria inaugural Competici\u00f3n de estudiantes de Grado en Ingenier\u00eda Biom\u00e9dica Premio Jos\u00e9 Mar\u00eda Ferrero Corral Mesas redondas I y II Asamblea de la SEIB Conferencia de clausura y entrega de premios &nbsp; &nbsp;<\/p>\n<p> <a class=\"continue-reading-link\" href=\"https:\/\/caseib.es\/2021\/sala-virtual-1\/\"><span>VER MAS<\/span><i class=\"crycon-right-dir\"><\/i><\/a> <\/p>\n","protected":false},"author":6,"featured_media":0,"parent":0,"menu_order":0,"comment_status":"closed","ping_status":"closed","template":"","meta":{"footnotes":""},"class_list":["post-3004","page","type-page","status-publish","hentry"],"_links":{"self":[{"href":"https:\/\/caseib.es\/2021\/wp-json\/wp\/v2\/pages\/3004","targetHints":{"allow":["GET"]}}],"collection":[{"href":"https:\/\/caseib.es\/2021\/wp-json\/wp\/v2\/pages"}],"about":[{"href":"https:\/\/caseib.es\/2021\/wp-json\/wp\/v2\/types\/page"}],"author":[{"embeddable":true,"href":"https:\/\/caseib.es\/2021\/wp-json\/wp\/v2\/users\/6"}],"replies":[{"embeddable":true,"href":"https:\/\/caseib.es\/2021\/wp-json\/wp\/v2\/comments?post=3004"}],"version-history":[{"count":5,"href":"https:\/\/caseib.es\/2021\/wp-json\/wp\/v2\/pages\/3004\/revisions"}],"predecessor-version":[{"id":3243,"href":"https:\/\/caseib.es\/2021\/wp-json\/wp\/v2\/pages\/3004\/revisions\/3243"}],"wp:attachment":[{"href":"https:\/\/caseib.es\/2021\/wp-json\/wp\/v2\/media?parent=3004"}],"curies":[{"name":"wp","href":"https:\/\/api.w.org\/{rel}","templated":true}]}}