{"id":347,"date":"2015-07-17T11:37:31","date_gmt":"2015-07-17T10:37:31","guid":{"rendered":"http:\/\/caseib16.es\/?page_id=347"},"modified":"2021-11-26T10:56:14","modified_gmt":"2021-11-26T09:56:14","slug":"conferencias-plenarias","status":"publish","type":"page","link":"https:\/\/caseib.es\/2021\/conferencias-plenarias\/","title":{"rendered":"Conferencias Plenarias"},"content":{"rendered":"<h3><strong>La Transformaci\u00f3n digital en la sanidad<\/strong><\/h3>\n<h4>Jueves 25 de noviembre, 09:30 h<\/h4>\n<p>Ponente: <em>D. Luis Javier Bonilla,\u00a0<\/em><em>Director General\u00a0de\u00a0CGM\u00a0Clinical\u00a0Espa\u00f1a<\/em><\/p>\n<p>Moderadora: <em>D\u00f1a. M\u00aa Elena Hernando P\u00e9rez<\/em><\/p>\n<p><span data-contrast=\"none\">Luis Javier Bonilla es arquitecto, pero tiene una experiencia de\u00a0m\u00e1s de\u00a030\u00a0a\u00f1os en proyectos de Tecnolog\u00edas de la Informaci\u00f3n, de los cuales los \u00faltimos 25\u00a0los ha dedicado al sector TIC Salud, en distintas empresas multinacionales.\u00a0<\/span><span data-ccp-props=\"{&quot;335551550&quot;:1,&quot;335551620&quot;:1,&quot;335559737&quot;:318,&quot;335559738&quot;:60}\">\u00a0<\/span><\/p>\n<p><span data-contrast=\"none\">Actualmente es el\u00a0<\/span>Director General\u00a0de\u00a0CGM\u00a0Clinical\u00a0Espa\u00f1a<span data-contrast=\"none\">, empresa\u00a0alemana\u00a0dedicada al desarrollo, implantaci\u00f3n y soporte\u00a0de soluciones\u00a0de salud digital.<\/span><span data-ccp-props=\"{&quot;335551550&quot;:1,&quot;335551620&quot;:1,&quot;335559737&quot;:318,&quot;335559738&quot;:60}\">\u00a0<\/span><\/p>\n<p><span data-contrast=\"none\">Luis Javier es\u00a0miembro de la Junta Directiva<\/span><b><span data-contrast=\"none\">\u00a0<\/span><\/b><span data-contrast=\"none\">del <\/span>Sector de Salud Digital de FENIN<span data-contrast=\"none\">, federaci\u00f3n intersectorial que agrupa a empresas y asociaciones de fabricantes, importadores y distribuidores de tecnolog\u00edas y productos sanitarios cuya caracter\u00edstica com\u00fan es la de ser suministradores de todas las instituciones sanitarias espa\u00f1olas.<\/span><span data-ccp-props=\"{&quot;335551550&quot;:1,&quot;335551620&quot;:1,&quot;335559737&quot;:318,&quot;335559738&quot;:60}\">\u00a0<\/span><\/p>\n<p><span data-contrast=\"none\">Luis Javier ha participado muy frecuentemente en ponencias y mesas redondas en seminarios y congresos espec\u00edficos en el sector TIC Salud y, adicionalmente, ha participado como profesor invitado impartiendo clases sobre Atenci\u00f3n a la Cronicidad mediante la Salud Digital y sobre Liderazgo en las organizaciones, en diversos M\u00e1ster de Gesti\u00f3n de Organizaciones Sanitarias,\u00a0en el Master de Direcci\u00f3n de Sistemas y Tecnolog\u00edas de la Informaci\u00f3n y las Comunicaciones para la Salud, organizado por\u202fel Instituto de Salud Carlos III, la Escuela Nacional de Sanidad y la Sociedad Espa\u00f1ola de Inform\u00e1tica de la Salud\u00a0y en el\u00a0MBA\u00a0en\u00a0Tecnolog\u00edas\u00a0M\u00e9dicas\u00a0y Sanitarias\u00a0organizado por\u00a0Talento Farmac\u00e9utico y Sanitario y la Universidad de Alcal\u00e1\u00a0de Henares.<\/span><span data-ccp-props=\"{&quot;335551550&quot;:6,&quot;335551620&quot;:6,&quot;335559737&quot;:318,&quot;335559738&quot;:60}\">\u00a0<\/span><\/p>\n<hr \/>\n<h3><strong>Session to raise patients\u2019 voice in innovation<\/strong><\/h3>\n<h4>Viernes 26 de noviembre, 10:15 h<\/h4>\n<p><em>D\u00f1a. Sara P\u00e9rez Mart\u00ednez, <\/em><em>BIO-SKETCH- ISOQOL Committees Volunteer<\/em><\/p>\n<p>Degree in Psychology (Clinical and Health specialty) from the Universidad Complutense de Madrid. Diploma of Advanced Studies DEA Neuroscience Doctoral Program (Universidad Complutense de Madrid), project Doctoral Thesis \u00abNeuropsychological Profile of Apert Syndrome\u00bb Date of completion June 2021.<br \/>\nPostgraduate training in Cognitive Neuropsychology and Behavioral Neurology (UCM), Research Methodology (Instituto de Salud Carlos III), Public Health and Gender Perspective (ISCIII-ENS), Master in Research in Mental Health-CIBERSAM (UCM), Patient Advocacy (Universidad Internacional de Catalu\u00f1a), Health Promotion (Fundaci\u00f3n UNED) and Specialist in Training Management in Public Administration (INAP).<\/p>\n<p>Extensive training in neuroscience, mental health and research methodology. Specific training in active learning methodologies and Universal Design Model.<\/p>\n<p>Currently finishing Degree in Occupational Therapy.<br \/>\nSince 2008, Associate Professor Experimental Psychology, Cognitive Processes and Speech Therapy Department at Complutense University of Madrid in undergraduate (Psychology, Occupational Therapy and Speech Therapy) and postgraduate studies. Since September 2020, full professor of Psychobiology (Neuroscience Area) at the Cardenal Cisneros Study Center, University of Alcal\u00e1 de Henares.<\/p>\n<p>Member of different scientific societies (APA, COP, SEN, ISOQOL), as well as in working groups of FEDER (Rare Disease Federation), CERMI (Spanish Committee of Representatives of People with Disabilities), EURORDIS (Rare Disease Europe).<br \/>\nMember of EUPATI (European Academy of Patients in Therapeutic Innovation).<br \/>\nMember of the European Network for Rare Diseases. Craniofacial Malformations Network. Eurordis (Rare Diseases Europe) and European Commission. Patient Representative-Epag Patient Representative of Rare Craniofacial Anomalies and ENT (ear, nose and throat) disorders.<\/p>\n<p>2019-2020. Researcher in Biomedical Research Foundation of the Hospital Universitario Cl\u00ednico San Carlos (Madrid). Psychiatry Service. Member of the research group: \u00abClinical and neurobiological research in Psychiatry and Mental Health\u00bb.<br \/>\nCollaborating researcher at Roosevelt University (Chicago, USA).<br \/>\nResearch stay at Karolinska Institutet, Center of Neurodevelopmental Disorders-KIND (Stockholm, Sweden).<br \/>\nPublications, oral and poster presentations in different national and international conferences.<br \/>\nSenior Technician (Psychologist). Community of Madrid, General Directorate of Public Health. Epidemiology Service.<\/p>\n<p>She combines her PDI work with assistance activity since 2003 as:<\/p>\n<p style=\"padding-left: 40px;\">&#8211; Responsible for the Clinical Neuropsychology Consultation in the Milenium Costa Rica Medical Center (Sanitas S.L. Neuroestudio S.L.), (2007\/current)<br \/>\n&#8211; Intestinal Dysviosis Service, INMUNOMET. S.L. Hospital Beata Mar\u00eda Ana, Madrid. (2018\/current)<br \/>\n&#8211; Neuropsychologist and project manager at APERTCras (Asociaci\u00f3n Nacional S\u00edndrome de Apert y otras Craneosinostosis Sindr\u00f3micas). (2003-2020)<\/p>\n<hr \/>\n<h3><strong>Working\u2019Health. Raising Life and Health Science Talent in Europe<\/strong><\/h3>\n<h4>Viernes 26 de noviembre, 12:00 h<\/h4>\n<p><img loading=\"lazy\" decoding=\"async\" class=\"alignnone wp-image-3667 size-medium\" src=\"https:\/\/caseib.es\/2021\/wp-content\/uploads\/2021\/10\/claire-imageedit_1_7706639695-300x300.png\" alt=\"\" width=\"300\" height=\"300\" data-id=\"3667\" srcset=\"https:\/\/caseib.es\/2021\/wp-content\/uploads\/2021\/10\/claire-imageedit_1_7706639695-300x300.png 300w, https:\/\/caseib.es\/2021\/wp-content\/uploads\/2021\/10\/claire-imageedit_1_7706639695-150x150.png 150w, https:\/\/caseib.es\/2021\/wp-content\/uploads\/2021\/10\/claire-imageedit_1_7706639695.png 636w\" sizes=\"auto, (max-width: 300px) 100vw, 300px\" \/><\/p>\n<p><em>Claire Nassiet,\u00a0<\/em><em>EIT Health &#8211; WorkInHealth Venture Lead<\/em><\/p>\n<p>Claire holds a Master&#8217;s degree in International Affairs from Sciences Po Paris with nine years of experience in the field of international education, notably for the French Embassy in Ireland, the British Council in France and the European programme Erasmus+. Since 2016, she joined EIT Health where she supported French partners to design and develop Education programmes. She now drives the WorkInHealth initiative to attract, recruit, train and retain talent in Europe.<\/p>\n<p>LinkedIn: https:\/\/www.linkedin.com\/in\/claire-nassiet-3298963a\/?locale=en_US<br \/>\n<a href=\"https:\/\/twitter.com\/ClaireEITHealth?s=20\">@ClaireEITHealth<\/a> <a href=\"https:\/\/twitter.com\/EIThealth_FR?s=20\" target=\"_blank\" rel=\"noopener noreferrer\">@EITHealthFrance<\/a><\/p>\n","protected":false},"excerpt":{"rendered":"<p>La Transformaci\u00f3n digital en la sanidad Jueves 25 de noviembre, 09:30 h Ponente: D. Luis Javier Bonilla,\u00a0Director General\u00a0de\u00a0CGM\u00a0Clinical\u00a0Espa\u00f1a Moderadora: D\u00f1a. M\u00aa Elena Hernando P\u00e9rez Luis Javier Bonilla es arquitecto, pero tiene una experiencia de\u00a0m\u00e1s de\u00a030\u00a0a\u00f1os en proyectos de Tecnolog\u00edas de la Informaci\u00f3n, de los cuales los \u00faltimos 25\u00a0los ha dedicado\u2026<\/p>\n<p> <a class=\"continue-reading-link\" href=\"https:\/\/caseib.es\/2021\/conferencias-plenarias\/\"><span>VER MAS<\/span><i class=\"crycon-right-dir\"><\/i><\/a> <\/p>\n","protected":false},"author":6,"featured_media":0,"parent":0,"menu_order":0,"comment_status":"closed","ping_status":"open","template":"","meta":{"footnotes":""},"class_list":["post-347","page","type-page","status-publish","hentry"],"_links":{"self":[{"href":"https:\/\/caseib.es\/2021\/wp-json\/wp\/v2\/pages\/347","targetHints":{"allow":["GET"]}}],"collection":[{"href":"https:\/\/caseib.es\/2021\/wp-json\/wp\/v2\/pages"}],"about":[{"href":"https:\/\/caseib.es\/2021\/wp-json\/wp\/v2\/types\/page"}],"author":[{"embeddable":true,"href":"https:\/\/caseib.es\/2021\/wp-json\/wp\/v2\/users\/6"}],"replies":[{"embeddable":true,"href":"https:\/\/caseib.es\/2021\/wp-json\/wp\/v2\/comments?post=347"}],"version-history":[{"count":47,"href":"https:\/\/caseib.es\/2021\/wp-json\/wp\/v2\/pages\/347\/revisions"}],"predecessor-version":[{"id":3735,"href":"https:\/\/caseib.es\/2021\/wp-json\/wp\/v2\/pages\/347\/revisions\/3735"}],"wp:attachment":[{"href":"https:\/\/caseib.es\/2021\/wp-json\/wp\/v2\/media?parent=347"}],"curies":[{"name":"wp","href":"https:\/\/api.w.org\/{rel}","templated":true}]}}

<h3><strong>La Transformación digital en la sanidad</strong></h3>
<h4>Jueves 25 de noviembre, 09:30 h</h4>
<p>Ponente: <em>D. Luis Javier Bonilla, </em><em>Director General de CGM Clinical España</em></p>
<p>Moderadora: <em>Dña. Mª Elena Hernando Pérez</em></p>
<p><span data-contrast="none">Luis Javier Bonilla es arquitecto, pero tiene una experiencia de más de 30 años en proyectos de Tecnologías de la Información, de los cuales los últimos 25 los ha dedicado al sector TIC Salud, en distintas empresas multinacionales. </span><span data-ccp-props="{&quot;335551550&quot;:1,&quot;335551620&quot;:1,&quot;335559737&quot;:318,&quot;335559738&quot;:60}"> </span></p>
<p><span data-contrast="none">Actualmente es el </span>Director General de CGM Clinical España<span data-contrast="none">, empresa alemana dedicada al desarrollo, implantación y soporte de soluciones de salud digital.</span><span data-ccp-props="{&quot;335551550&quot;:1,&quot;335551620&quot;:1,&quot;335559737&quot;:318,&quot;335559738&quot;:60}"> </span></p>
<p><span data-contrast="none">Luis Javier es miembro de la Junta Directiva</span><b><span data-contrast="none"> </span></b><span data-contrast="none">del </span>Sector de Salud Digital de FENIN<span data-contrast="none">, federación intersectorial que agrupa a empresas y asociaciones de fabricantes, importadores y distribuidores de tecnologías y productos sanitarios cuya característica común es la de ser suministradores de todas las instituciones sanitarias españolas.</span><span data-ccp-props="{&quot;335551550&quot;:1,&quot;335551620&quot;:1,&quot;335559737&quot;:318,&quot;335559738&quot;:60}"> </span></p>
<p><span data-contrast="none">Luis Javier ha participado muy frecuentemente en ponencias y mesas redondas en seminarios y congresos específicos en el sector TIC Salud y, adicionalmente, ha participado como profesor invitado impartiendo clases sobre Atención a la Cronicidad mediante la Salud Digital y sobre Liderazgo en las organizaciones, en diversos Máster de Gestión de Organizaciones Sanitarias, en el Master de Dirección de Sistemas y Tecnologías de la Información y las Comunicaciones para la Salud, organizado por el Instituto de Salud Carlos III, la Escuela Nacional de Sanidad y la Sociedad Española de Informática de la Salud y en el MBA en Tecnologías Médicas y Sanitarias organizado por Talento Farmacéutico y Sanitario y la Universidad de Alcalá de Henares.</span><span data-ccp-props="{&quot;335551550&quot;:6,&quot;335551620&quot;:6,&quot;335559737&quot;:318,&quot;335559738&quot;:60}"> </span></p>
<hr />
<h3><strong>Session to raise patients’ voice in innovation</strong></h3>
<h4>Viernes 26 de noviembre, 10:15 h</h4>
<p><em>Dña. Sara Pérez Martínez, </em><em>BIO-SKETCH- ISOQOL Committees Volunteer</em></p>
<p>Degree in Psychology (Clinical and Health specialty) from the Universidad Complutense de Madrid. Diploma of Advanced Studies DEA Neuroscience Doctoral Program (Universidad Complutense de Madrid), project Doctoral Thesis «Neuropsychological Profile of Apert Syndrome» Date of completion June 2021.<br />
Postgraduate training in Cognitive Neuropsychology and Behavioral Neurology (UCM), Research Methodology (Instituto de Salud Carlos III), Public Health and Gender Perspective (ISCIII-ENS), Master in Research in Mental Health-CIBERSAM (UCM), Patient Advocacy (Universidad Internacional de Cataluña), Health Promotion (Fundación UNED) and Specialist in Training Management in Public Administration (INAP).</p>
<p>Extensive training in neuroscience, mental health and research methodology. Specific training in active learning methodologies and Universal Design Model.</p>
<p>Currently finishing Degree in Occupational Therapy.<br />
Since 2008, Associate Professor Experimental Psychology, Cognitive Processes and Speech Therapy Department at Complutense University of Madrid in undergraduate (Psychology, Occupational Therapy and Speech Therapy) and postgraduate studies. Since September 2020, full professor of Psychobiology (Neuroscience Area) at the Cardenal Cisneros Study Center, University of Alcalá de Henares.</p>
<p>Member of different scientific societies (APA, COP, SEN, ISOQOL), as well as in working groups of FEDER (Rare Disease Federation), CERMI (Spanish Committee of Representatives of People with Disabilities), EURORDIS (Rare Disease Europe).<br />
Member of EUPATI (European Academy of Patients in Therapeutic Innovation).<br />
Member of the European Network for Rare Diseases. Craniofacial Malformations Network. Eurordis (Rare Diseases Europe) and European Commission. Patient Representative-Epag Patient Representative of Rare Craniofacial Anomalies and ENT (ear, nose and throat) disorders.</p>
<p>2019-2020. Researcher in Biomedical Research Foundation of the Hospital Universitario Clínico San Carlos (Madrid). Psychiatry Service. Member of the research group: «Clinical and neurobiological research in Psychiatry and Mental Health».<br />
Collaborating researcher at Roosevelt University (Chicago, USA).<br />
Research stay at Karolinska Institutet, Center of Neurodevelopmental Disorders-KIND (Stockholm, Sweden).<br />
Publications, oral and poster presentations in different national and international conferences.<br />
Senior Technician (Psychologist). Community of Madrid, General Directorate of Public Health. Epidemiology Service.</p>
<p>She combines her PDI work with assistance activity since 2003 as:</p>
<p style="padding-left: 40px;">&#8211; Responsible for the Clinical Neuropsychology Consultation in the Milenium Costa Rica Medical Center (Sanitas S.L. Neuroestudio S.L.), (2007/current)<br />
&#8211; Intestinal Dysviosis Service, INMUNOMET. S.L. Hospital Beata María Ana, Madrid. (2018/current)<br />
&#8211; Neuropsychologist and project manager at APERTCras (Asociación Nacional Síndrome de Apert y otras Craneosinostosis Sindrómicas). (2003-2020)</p>
<hr />
<h3><strong>Working’Health. Raising Life and Health Science Talent in Europe</strong></h3>
<h4>Viernes 26 de noviembre, 12:00 h</h4>
<p><img loading="lazy" decoding="async" class="alignnone wp-image-3667 size-medium" src="https://caseib.es/2021/wp-content/uploads/2021/10/claire-imageedit_1_7706639695-300x300.png" alt="" width="300" height="300" data-id="3667" srcset="https://caseib.es/2021/wp-content/uploads/2021/10/claire-imageedit_1_7706639695-300x300.png 300w, https://caseib.es/2021/wp-content/uploads/2021/10/claire-imageedit_1_7706639695-150x150.png 150w, https://caseib.es/2021/wp-content/uploads/2021/10/claire-imageedit_1_7706639695.png 636w" sizes="auto, (max-width: 300px) 100vw, 300px" /></p>
<p><em>Claire Nassiet, </em><em>EIT Health &#8211; WorkInHealth Venture Lead</em></p>
<p>Claire holds a Master&#8217;s degree in International Affairs from Sciences Po Paris with nine years of experience in the field of international education, notably for the French Embassy in Ireland, the British Council in France and the European programme Erasmus+. Since 2016, she joined EIT Health where she supported French partners to design and develop Education programmes. She now drives the WorkInHealth initiative to attract, recruit, train and retain talent in Europe.</p>
<p>LinkedIn: https://www.linkedin.com/in/claire-nassiet-3298963a/?locale=en_US<br />
<a href="https://twitter.com/ClaireEITHealth?s=20">@ClaireEITHealth</a> <a href="https://twitter.com/EIThealth_FR?s=20" target="_blank" rel="noopener noreferrer">@EITHealthFrance</a></p>

<p>La Transformación digital en la sanidad Jueves 25 de noviembre, 09:30 h Ponente: D. Luis Javier Bonilla, Director General de CGM Clinical España Moderadora: Dña. Mª Elena Hernando Pérez Luis Javier Bonilla es arquitecto, pero tiene una experiencia de más de 30 años en proyectos de Tecnologías de la Información, de los cuales los últimos 25 los ha dedicado…</p>
<p> <a class="continue-reading-link" href="https://caseib.es/2021/conferencias-plenarias/"><span>VER MAS</span><i class="crycon-right-dir"></i></a> </p>
