{"id":416,"date":"2015-09-09T09:34:36","date_gmt":"2015-09-09T08:34:36","guid":{"rendered":"http:\/\/caseib16.es\/?page_id=416"},"modified":"2021-11-19T21:33:57","modified_gmt":"2021-11-19T20:33:57","slug":"mesas-redondas","status":"publish","type":"page","link":"https:\/\/caseib.es\/2021\/mesas-redondas\/","title":{"rendered":"Mesas redondas"},"content":{"rendered":"<h3><strong>Ingenier\u00eda Biom\u00e9dica y Transformaci\u00f3n Digital<\/strong><\/h3>\n<h4>Jueves 25 de noviembre, 10:30 h<\/h4>\n<p>Ponentes:<br \/>\n<em>&#8211; D. Javier Arribas Pastor, Digital Solutions Expert en Siemens Health, Siemens-healthineers<br \/>\n&#8211; D\u00f1a. Carmen Carrillo, Directora de ID&amp;D, Matachana<br \/>\n&#8211; D. Lluis Blanch, Coordinador ITEMAS, Director Institut d&#8217;Investigaci\u00f3 i Innovaci\u00f3 Parc Taul\u00ed &#8211; I3PT<br \/>\n&#8211; D. Javier Reina, Catedr\u00e1tico Univ. Sevilla, Secretario General de SEIB<br \/>\n<\/em><br \/>\nModerador:\u00a0<em>D. Sergio Mu\u00f1oz, Director Innovaci\u00f3n de FENIN<\/em><\/p>\n<p>&nbsp;<\/p>\n<h3><strong>How I became an Entrepreneur in Biomedical Engineering<\/strong><\/h3>\n<h4>Viernes 26 de noviembre, 10:50 h<\/h4>\n<p><img loading=\"lazy\" decoding=\"async\" class=\"alignnone wp-image-3666 size-medium\" src=\"https:\/\/caseib.es\/2021\/wp-content\/uploads\/2021\/10\/Mar\u00edaPic-300x235.jpg\" alt=\"\" width=\"300\" height=\"235\" data-id=\"3666\" srcset=\"https:\/\/caseib.es\/2021\/wp-content\/uploads\/2021\/10\/Mar\u00edaPic-300x235.jpg 300w, https:\/\/caseib.es\/2021\/wp-content\/uploads\/2021\/10\/Mar\u00edaPic-768x601.jpg 768w, https:\/\/caseib.es\/2021\/wp-content\/uploads\/2021\/10\/Mar\u00edaPic-1024x801.jpg 1024w, https:\/\/caseib.es\/2021\/wp-content\/uploads\/2021\/10\/Mar\u00edaPic-150x117.jpg 150w\" sizes=\"auto, (max-width: 300px) 100vw, 300px\" \/><\/p>\n<p><em>D\u00f1a. Mar\u00eda Gonz\u00e1lez, <\/em><em>CEO and Co-Founder of Tucuvi<\/em><\/p>\n<p>Mar\u00eda is an entrepreneur on a mission to transform healthcare through technology. She is the CEO and co-founder of tucuvi, a medtech startup developing AI and voice technology to make healthcare accesible and efficient so that every patient has the best life quality. Her background is in Biomedical Engineering, having worked previously in the multinational medical device&#8217;s company Medtronic, in the Diabetes marketing team.<br \/>\nLinkedIn: https:\/\/www.linkedin.com\/in\/mariagonzalezmanso\/<br \/>\n<a href=\"https:\/\/twitter.com\/MariaGnzlezMans?s=20\" target=\"_blank\" rel=\"noopener noreferrer\">@MariaGnzlezMans<\/a><\/p>\n","protected":false},"excerpt":{"rendered":"<p>Ingenier\u00eda Biom\u00e9dica y Transformaci\u00f3n Digital Jueves 25 de noviembre, 10:30 h Ponentes: &#8211; D. Javier Arribas Pastor, Digital Solutions Expert en Siemens Health, Siemens-healthineers &#8211; D\u00f1a. Carmen Carrillo, Directora de ID&amp;D, Matachana &#8211; D. Lluis Blanch, Coordinador ITEMAS, Director Institut d&#8217;Investigaci\u00f3 i Innovaci\u00f3 Parc Taul\u00ed &#8211; I3PT &#8211; D. Javier\u2026<\/p>\n<p> <a class=\"continue-reading-link\" href=\"https:\/\/caseib.es\/2021\/mesas-redondas\/\"><span>VER MAS<\/span><i class=\"crycon-right-dir\"><\/i><\/a> <\/p>\n","protected":false},"author":6,"featured_media":0,"parent":0,"menu_order":0,"comment_status":"closed","ping_status":"open","template":"","meta":{"footnotes":""},"class_list":["post-416","page","type-page","status-publish","hentry"],"_links":{"self":[{"href":"https:\/\/caseib.es\/2021\/wp-json\/wp\/v2\/pages\/416","targetHints":{"allow":["GET"]}}],"collection":[{"href":"https:\/\/caseib.es\/2021\/wp-json\/wp\/v2\/pages"}],"about":[{"href":"https:\/\/caseib.es\/2021\/wp-json\/wp\/v2\/types\/page"}],"author":[{"embeddable":true,"href":"https:\/\/caseib.es\/2021\/wp-json\/wp\/v2\/users\/6"}],"replies":[{"embeddable":true,"href":"https:\/\/caseib.es\/2021\/wp-json\/wp\/v2\/comments?post=416"}],"version-history":[{"count":45,"href":"https:\/\/caseib.es\/2021\/wp-json\/wp\/v2\/pages\/416\/revisions"}],"predecessor-version":[{"id":3727,"href":"https:\/\/caseib.es\/2021\/wp-json\/wp\/v2\/pages\/416\/revisions\/3727"}],"wp:attachment":[{"href":"https:\/\/caseib.es\/2021\/wp-json\/wp\/v2\/media?parent=416"}],"curies":[{"name":"wp","href":"https:\/\/api.w.org\/{rel}","templated":true}]}}