{"id":1379,"date":"2017-11-19T20:45:12","date_gmt":"2017-11-19T19:45:12","guid":{"rendered":"http:\/\/caseib.es\/?page_id=1379"},"modified":"2022-11-02T09:37:10","modified_gmt":"2022-11-02T08:37:10","slug":"la-conferencia","status":"publish","type":"page","link":"https:\/\/caseib.es\/2022\/la-conferencia\/","title":{"rendered":"La conferencia"},"content":{"rendered":"<p>En esta secci\u00f3n aparecer\u00e1n los enlaces a la informaci\u00f3n importante de cara a la conferencia incluyendo el programa, inauguraci\u00f3n, mesas redondas, conferencias e informaci\u00f3n de inter\u00e9s.<\/p>\n<div class=\"grammarly-disable-indicator\"><\/div>\n","protected":false},"excerpt":{"rendered":"<p>En esta secci\u00f3n aparecer\u00e1n los enlaces a la informaci\u00f3n importante de cara a la conferencia incluyendo el programa, inauguraci\u00f3n, mesas redondas, conferencias e informaci\u00f3n de inter\u00e9s.<\/p>\n<p> <a class=\"continue-reading-link\" href=\"https:\/\/caseib.es\/2022\/la-conferencia\/\"><span>VER MAS<\/span><i class=\"crycon-right-dir\"><\/i><\/a> <\/p>\n","protected":false},"author":6,"featured_media":0,"parent":0,"menu_order":0,"comment_status":"closed","ping_status":"closed","template":"","meta":{"footnotes":""},"class_list":["post-1379","page","type-page","status-publish","hentry"],"_links":{"self":[{"href":"https:\/\/caseib.es\/2022\/wp-json\/wp\/v2\/pages\/1379","targetHints":{"allow":["GET"]}}],"collection":[{"href":"https:\/\/caseib.es\/2022\/wp-json\/wp\/v2\/pages"}],"about":[{"href":"https:\/\/caseib.es\/2022\/wp-json\/wp\/v2\/types\/page"}],"author":[{"embeddable":true,"href":"https:\/\/caseib.es\/2022\/wp-json\/wp\/v2\/users\/6"}],"replies":[{"embeddable":true,"href":"https:\/\/caseib.es\/2022\/wp-json\/wp\/v2\/comments?post=1379"}],"version-history":[{"count":11,"href":"https:\/\/caseib.es\/2022\/wp-json\/wp\/v2\/pages\/1379\/revisions"}],"predecessor-version":[{"id":3303,"href":"https:\/\/caseib.es\/2022\/wp-json\/wp\/v2\/pages\/1379\/revisions\/3303"}],"wp:attachment":[{"href":"https:\/\/caseib.es\/2022\/wp-json\/wp\/v2\/media?parent=1379"}],"curies":[{"name":"wp","href":"https:\/\/api.w.org\/{rel}","templated":true}]}}