{"id":416,"date":"2015-09-09T09:34:36","date_gmt":"2015-09-09T08:34:36","guid":{"rendered":"http:\/\/caseib16.es\/?page_id=416"},"modified":"2022-11-21T12:44:18","modified_gmt":"2022-11-21T11:44:18","slug":"mesas-redondas","status":"publish","type":"page","link":"https:\/\/caseib.es\/2022\/mesas-redondas\/","title":{"rendered":"Mesas redondas"},"content":{"rendered":"<h3><strong>Mesa redonda: Investigaci\u00f3n y Transferencia en la Ingenier\u00eda Biom\u00e9dica<\/strong><\/h3>\n<h4>Jueves 24 de noviembre, 11:00 h &#8211; Aula Magna<\/h4>\n<p>&nbsp;<\/p>\n<p><strong>Participantes:<\/strong><\/p>\n<ul>\n<li>Dr. Cristobal Belda-Iniesta. <em>Director General del Instituto de Salud Carlos III<\/em>.<\/li>\n<li>D. Juan Luis Romera Santiago. <em>CDTI, Departamento de Promoci\u00f3n Institucional y Cooperaci\u00f3n Territorial, Direcci\u00f3n de Programas de la UE y Cooperaci\u00f3n Territorial<\/em>.<\/li>\n<li>D\u00aa. \u00c1ngeles Barrios. <em>EIT Health Spain, Public Affairs &amp; Stakeholder Relations Lead<\/em>.<\/li>\n<\/ul>\n<p><strong>Moderador:<\/strong><\/p>\n<ul>\n<li>Dr. Francisco Javier Saiz. <em>Catedr\u00e1tico de la Universidad Polit\u00e9cnica de Valencia (UPV), Coordinador del Sub\u00e1rea: Ingenier\u00eda biom\u00e9dica del Plan Nacional de Investigaci\u00f3n<\/em>.<\/li>\n<\/ul>\n<p>&nbsp;<\/p>\n<hr \/>\n<h3><strong>Mesa redonda de Sociedades M\u00e9dicas. El ingeniero biom\u00e9dico y el m\u00e9dico, aliados en la transformaci\u00f3n hacia un nuevo modelo de asistencia sanitaria<\/strong><\/h3>\n<h4>Viernes 25 de noviembre, 11:00 h &#8211; Aula Magna<\/h4>\n<p>&nbsp;<\/p>\n<p><strong>Participantes:<\/strong><\/p>\n<ul>\n<li>Dr. Alberto San Rom\u00e1n. <em>Jefe de Servicio de Cardiolog\u00eda y Director del Instituto de Ciencias del Coraz\u00f3n (ICICOR) del Hospital Cl\u00ednico de Valladolid, en representaci\u00f3n de la Sociedad Espa\u00f1ola de Cardiolog\u00eda (SEC)<\/em>.<\/li>\n<li>Dr. Javier Garc\u00eda Fern\u00e1ndez. <em>Presidente de la Sociedad de Anestesiolog\u00eda, Reanimaci\u00f3n y Terap\u00e9utica del Dolor (SEDAR)<\/em>.<\/li>\n<li>Dr. Carlos Casillas. <em>Radi\u00f3logo del Hospital Vithas Castell\u00f3n, anterior Vicepresidente de la filial valenciana de la SERAM y Presidente Saliente de la SEDIA (secci\u00f3n de abdomen de la SERAM)<\/em>.<\/li>\n<li>Dra. Patricia Alonso Fern\u00e1ndez, <em>M\u00e9dico Adjunto de Servicio de Admisi\u00f3n Hospital Cl\u00ednico San Carlos, Vocal de la Junta Directiva de la Sociedad Espa\u00f1ola de Directivos de la Salud (SEDISA)<\/em>.<\/li>\n<\/ul>\n<p><strong>Moderadores:<\/strong><\/p>\n<ul>\n<li>Dra. Ruth Solana Gracia, <em>Vocal de la Junta Directiva de la SEIB. Especialista en Cardiolog\u00eda infantil en el Hospital Infanta Leonor de Madrid<\/em>.<\/li>\n<li>Dr. Enrique G\u00f3mez Aguilera. <em>Presidente de la Sociedad Espa\u00f1ola de Ingenier\u00eda Biom\u00e9dica. Catedr\u00e1tico de la Universidad Polit\u00e9cnica de Madrid<\/em>.<\/li>\n<\/ul>\n<p>&nbsp;<\/p>\n","protected":false},"excerpt":{"rendered":"<p>Mesa redonda: Investigaci\u00f3n y Transferencia en la Ingenier\u00eda Biom\u00e9dica Jueves 24 de noviembre, 11:00 h &#8211; Aula Magna &nbsp; Participantes: Dr. Cristobal Belda-Iniesta. Director General del Instituto de Salud Carlos III. D. Juan Luis Romera Santiago. CDTI, Departamento de Promoci\u00f3n Institucional y Cooperaci\u00f3n Territorial, Direcci\u00f3n de Programas de la UE\u2026<\/p>\n<p> <a class=\"continue-reading-link\" href=\"https:\/\/caseib.es\/2022\/mesas-redondas\/\"><span>VER MAS<\/span><i class=\"crycon-right-dir\"><\/i><\/a> <\/p>\n","protected":false},"author":6,"featured_media":0,"parent":0,"menu_order":0,"comment_status":"closed","ping_status":"open","template":"","meta":{"footnotes":""},"class_list":["post-416","page","type-page","status-publish","hentry"],"_links":{"self":[{"href":"https:\/\/caseib.es\/2022\/wp-json\/wp\/v2\/pages\/416","targetHints":{"allow":["GET"]}}],"collection":[{"href":"https:\/\/caseib.es\/2022\/wp-json\/wp\/v2\/pages"}],"about":[{"href":"https:\/\/caseib.es\/2022\/wp-json\/wp\/v2\/types\/page"}],"author":[{"embeddable":true,"href":"https:\/\/caseib.es\/2022\/wp-json\/wp\/v2\/users\/6"}],"replies":[{"embeddable":true,"href":"https:\/\/caseib.es\/2022\/wp-json\/wp\/v2\/comments?post=416"}],"version-history":[{"count":41,"href":"https:\/\/caseib.es\/2022\/wp-json\/wp\/v2\/pages\/416\/revisions"}],"predecessor-version":[{"id":3362,"href":"https:\/\/caseib.es\/2022\/wp-json\/wp\/v2\/pages\/416\/revisions\/3362"}],"wp:attachment":[{"href":"https:\/\/caseib.es\/2022\/wp-json\/wp\/v2\/media?parent=416"}],"curies":[{"name":"wp","href":"https:\/\/api.w.org\/{rel}","templated":true}]}}