{"id":856,"date":"2016-11-05T00:19:51","date_gmt":"2016-11-04T23:19:51","guid":{"rendered":"http:\/\/caseib16.es\/?page_id=856"},"modified":"2022-11-15T10:48:06","modified_gmt":"2022-11-15T09:48:06","slug":"trabajos","status":"publish","type":"page","link":"https:\/\/caseib.es\/2022\/trabajos\/","title":{"rendered":"Presentaci\u00f3n de trabajos"},"content":{"rendered":"<hr \/>\n<p><strong>PRESENTACI\u00d3N ORAL<\/strong><\/p>\n<p>El tiempo asignado para la realizaci\u00f3n de las presentaciones orales ser\u00e1:<\/p>\n<ul>\n<li><strong>Sesiones paralelas ordinarias:<\/strong> 10 minutos de presentaci\u00f3n, seguido por 5 minutos para discusi\u00f3n y preguntas.<\/li>\n<li><strong>Sesi\u00f3n Premio Jos\u00e9 Mar\u00eda Ferrero Corral:<\/strong> 10 minutos de presentaci\u00f3n, seguido por 5 minutos para discusi\u00f3n y preguntas.<\/li>\n<li><strong>Sesi\u00f3n Premios FENIN-SEIB:<\/strong> 7 minutos de presentaci\u00f3n, seguido por 3 minutos para preguntas.<\/li>\n<\/ul>\n<p>Los ponentes deben ce\u00f1irse estrictamente al tiempo asignado, con el apoyo de los moderadores de cada sesi\u00f3n, para asegurar que cada participante pueda exponer su trabajo adecuadamente.<\/p>\n<ul>\n<li>Los ponentes deben cargar sus presentaciones en los ordenadores de las salas <u>15 minutos<\/u> antes del comienzo de su sesi\u00f3n.<\/li>\n<li>Las presentaciones podr\u00e1n exponerse <u>tanto en formato 16:9 como en 4:3<\/u>. Sin embargo, las exposiciones en el Aula Magna aprovechan mejor el \u00e1rea de proyecci\u00f3n si se realizan en formato 16:9. Las exposiciones realizadas en el Anfiteatro L\u00f3pez-Prieto o en el Sal\u00f3n de Grados aprovechan mejor el \u00e1rea de proyecci\u00f3n si se realizan en formato 4:3.<\/li>\n<li>Todos los ordenadores de las salas cuentan con sistema operativo Windows 10, <u>Microsoft PowerPoint<\/u> y <u>Adobe Acrobat PDF<\/u>.<\/li>\n<\/ul>\n<hr \/>\n<p><strong>P\u00d3STER<\/strong><\/p>\n<p>Los autores que presenten el p\u00f3ster deben estar presentes delante de su p\u00f3ster durante todo el tiempo que dure la sesi\u00f3n de p\u00f3steres asignada para discutir su trabajo con los asistentes.<\/p>\n<ul>\n<li>Los p\u00f3steres deben colgarse en los paneles habilitados con anterioridad a la sesi\u00f3n y deben retirarse al finalizar la misma.<\/li>\n<li>Los p\u00f3steres deben ajustarse a las siguientes directrices:\n<ul>\n<li>Orientaci\u00f3n vertical<\/li>\n<li>Tama\u00f1o recomendado: A1, 59,4 cm (ancho) x 84,1 cm (alto)<\/li>\n<li>Tama\u00f1o m\u00e1ximo (panel):\u00a0 85,0 cm (ancho) x 110,0 cm (alto)<\/li>\n<\/ul>\n<\/li>\n<li>Cada panel tendr\u00e1 indicado el ID del trabajo.<\/li>\n<li>La secretar\u00eda del congreso dispondr\u00e1 del material necesario para colgar los p\u00f3steres.<\/li>\n<\/ul>\n","protected":false},"excerpt":{"rendered":"<p>PRESENTACI\u00d3N ORAL El tiempo asignado para la realizaci\u00f3n de las presentaciones orales ser\u00e1: Sesiones paralelas ordinarias: 10 minutos de presentaci\u00f3n, seguido por 5 minutos para discusi\u00f3n y preguntas. Sesi\u00f3n Premio Jos\u00e9 Mar\u00eda Ferrero Corral: 10 minutos de presentaci\u00f3n, seguido por 5 minutos para discusi\u00f3n y preguntas. Sesi\u00f3n Premios FENIN-SEIB: 7\u2026<\/p>\n<p> <a class=\"continue-reading-link\" href=\"https:\/\/caseib.es\/2022\/trabajos\/\"><span>VER MAS<\/span><i class=\"crycon-right-dir\"><\/i><\/a> <\/p>\n","protected":false},"author":6,"featured_media":0,"parent":0,"menu_order":0,"comment_status":"closed","ping_status":"open","template":"","meta":{"footnotes":""},"class_list":["post-856","page","type-page","status-publish","hentry"],"_links":{"self":[{"href":"https:\/\/caseib.es\/2022\/wp-json\/wp\/v2\/pages\/856","targetHints":{"allow":["GET"]}}],"collection":[{"href":"https:\/\/caseib.es\/2022\/wp-json\/wp\/v2\/pages"}],"about":[{"href":"https:\/\/caseib.es\/2022\/wp-json\/wp\/v2\/types\/page"}],"author":[{"embeddable":true,"href":"https:\/\/caseib.es\/2022\/wp-json\/wp\/v2\/users\/6"}],"replies":[{"embeddable":true,"href":"https:\/\/caseib.es\/2022\/wp-json\/wp\/v2\/comments?post=856"}],"version-history":[{"count":22,"href":"https:\/\/caseib.es\/2022\/wp-json\/wp\/v2\/pages\/856\/revisions"}],"predecessor-version":[{"id":3351,"href":"https:\/\/caseib.es\/2022\/wp-json\/wp\/v2\/pages\/856\/revisions\/3351"}],"wp:attachment":[{"href":"https:\/\/caseib.es\/2022\/wp-json\/wp\/v2\/media?parent=856"}],"curies":[{"name":"wp","href":"https:\/\/api.w.org\/{rel}","templated":true}]}}