{"id":3497,"date":"2023-05-18T17:08:19","date_gmt":"2023-05-18T16:08:19","guid":{"rendered":"https:\/\/caseib.es\/2023\/?page_id=3497"},"modified":"2023-06-26T14:24:04","modified_gmt":"2023-06-26T13:24:04","slug":"alojamiento","status":"publish","type":"page","link":"https:\/\/caseib.es\/2023\/alojamiento\/","title":{"rendered":"Informaci\u00f3n \u00datil"},"content":{"rendered":"<p><a href=\"https:\/\/caseib.es\/2023\/sede\/\"><strong>Sede<\/strong><\/a><\/p>\n<p><a href=\"https:\/\/www.google.com\/maps\/d\/u\/0\/edit?mid=1AMXpP9TV-1MelgAMTXlqYQcb0h6eOuo&amp;ll=37.601495596591334%2C-0.983326972878078&amp;z=16\"><strong>Ubicaciones<\/strong><\/a><\/p>\n<p><strong><a href=\"https:\/\/caseib.es\/2023\/como-llegar\/\">Como llegar<\/a><\/strong><\/p>\n<p><strong><a href=\"https:\/\/caseib.es\/2023\/descuento-renfe\/\">Descuento Renfe<\/a><\/strong><\/p>\n<p><strong>Alojamiento<\/strong><\/p>\n<p>Cartagena cuenta con una amplia oferta hotelera y de apartamentos tur\u00edsticos que incluye una variedad de categor\u00edas y estilos, desde hoteles boutique hasta cadenas internacionales.<\/p>\n<p><a href=\"https:\/\/caseib.es\/2023\/hoteles-comite-local\/\">Hoteles Comit\u00e9 Local<\/a><\/p>\n<p><a href=\"https:\/\/turismo.cartagena.es\/alojamiento.asp\">Otros hoteles<\/a><\/p>\n<p><a href=\"https:\/\/turismo.cartagena.es\/alojamiento.asp?tipo=4\">Apartamentos<\/a><\/p>\n<p><a href=\"https:\/\/turismo.cartagena.es\/alojamiento.asp?tipo=8\">Alojamiento vacacional<\/a><\/p>\n","protected":false},"excerpt":{"rendered":"<p>Sede Ubicaciones Como llegar Descuento Renfe Alojamiento Cartagena cuenta con una amplia oferta hotelera y de apartamentos tur\u00edsticos que incluye una variedad de categor\u00edas y estilos, desde hoteles boutique hasta cadenas internacionales. Hoteles Comit\u00e9 Local Otros hoteles Apartamentos Alojamiento vacacional<\/p>\n<p> <a class=\"continue-reading-link\" href=\"https:\/\/caseib.es\/2023\/alojamiento\/\"><span>VER MAS<\/span><i class=\"crycon-right-dir\"><\/i><\/a> <\/p>\n","protected":false},"author":7,"featured_media":0,"parent":0,"menu_order":0,"comment_status":"closed","ping_status":"closed","template":"","meta":{"footnotes":""},"class_list":["post-3497","page","type-page","status-publish","hentry"],"_links":{"self":[{"href":"https:\/\/caseib.es\/2023\/wp-json\/wp\/v2\/pages\/3497","targetHints":{"allow":["GET"]}}],"collection":[{"href":"https:\/\/caseib.es\/2023\/wp-json\/wp\/v2\/pages"}],"about":[{"href":"https:\/\/caseib.es\/2023\/wp-json\/wp\/v2\/types\/page"}],"author":[{"embeddable":true,"href":"https:\/\/caseib.es\/2023\/wp-json\/wp\/v2\/users\/7"}],"replies":[{"embeddable":true,"href":"https:\/\/caseib.es\/2023\/wp-json\/wp\/v2\/comments?post=3497"}],"version-history":[{"count":9,"href":"https:\/\/caseib.es\/2023\/wp-json\/wp\/v2\/pages\/3497\/revisions"}],"predecessor-version":[{"id":3862,"href":"https:\/\/caseib.es\/2023\/wp-json\/wp\/v2\/pages\/3497\/revisions\/3862"}],"wp:attachment":[{"href":"https:\/\/caseib.es\/2023\/wp-json\/wp\/v2\/media?parent=3497"}],"curies":[{"name":"wp","href":"https:\/\/api.w.org\/{rel}","templated":true}]}}