{"id":3702,"date":"2023-06-12T10:08:27","date_gmt":"2023-06-12T09:08:27","guid":{"rendered":"https:\/\/caseib.es\/2024\/?page_id=3702"},"modified":"2024-07-08T10:22:05","modified_gmt":"2024-07-08T09:22:05","slug":"sesion-especial-biomateriales","status":"publish","type":"page","link":"https:\/\/caseib.es\/2024\/sesion-especial-biomateriales\/","title":{"rendered":"SESI\u00d3N ESPECIAL NANOMEDICINA Y BIOMATERIALES"},"content":{"rendered":"<p><strong>Organizadores <\/strong><\/p>\n<p>Ar\u00e1nzazu Villasante, Instituto de Bioingenier\u00eda de Catalu\u00f1a (IBEC), <a href=\"mailto:avillasante@ibecbarcelona.eu\">avillasante@ibecbarcelona.eu<\/a><br \/>\nGustavo V\u00edctor Guinea Tortuero, Universidad Polit\u00e9cnica de Madrid, <a href=\"mailto:gustavovictor.guinea@ctb.upm.es\">gustavovictor.guinea@ctb.upm.es<\/a><br \/>\nEnrique Javier G\u00f3mez Aguilera, Universidad Polit\u00e9cnica de Madrid, <a href=\"mailto:enriquejavier.gomez@upm.es\">enriquejavier.gomez@upm.es<\/a><\/p>\n<p>El incremento notable en la esperanza de vida en los \u00faltimos a\u00f1os ha tenido como consecuencia la necesidad de proveer de nuevas aproximaciones diagn\u00f3sticas y terap\u00e9uticas con las que hacer frente a las enfermedades y discapacidades, para los que la nanomedicina y los biomateriales se constituyen como tecnolog\u00edas clave. La capacidad de manipular y controlar la materia a nivel nanom\u00e9trico ha abierto nuevas posibilidades, permitiendo avances significativos en la administraci\u00f3n de f\u00e1rmacos, terapia g\u00e9nica, tratamientos para el c\u00e1ncer y la regeneraci\u00f3n de tejidos, entre otros.<\/p>\n<p>Por su parte, los avances realizados desde el principio de este siglo han puesto de manifiesto que el campo de los biomateriales tambi\u00e9n ocupa una posici\u00f3n central dentro de esas nuevas estrategias para el abordaje de las patolog\u00edas asociadas al envejecimiento y degeneraci\u00f3n de los tejidos y \u00f3rganos del cuerpo humano, supliendo el tejido da\u00f1ado y\/o su funci\u00f3n, o bien propiciando la regeneraci\u00f3n y creaci\u00f3n de nuevo tejido funcional a partir de tejido y c\u00e9lulas del propio paciente o elementos biol\u00f3gicos externos.<\/p>\n<p><span style=\"font-family: 'Source Sans Pro';\">En esta sesi\u00f3n especial de nanomedicina y biomateriales, nos reuniremos para explorar las fronteras de estas disciplinas y discutir los \u00faltimos avances en investigaci\u00f3n y desarrollo. Entre los temas de inter\u00e9s para esta sesi\u00f3n \u2013sin ser exhaustivos\u2013 se incluyen:<\/span><\/p>\n<ul>\n<li>Fabricaci\u00f3n y funcionalizaci\u00f3n de nanomateriales.<\/li>\n<li>Biomateriales cer\u00e1micos, met\u00e1licos, pol\u00edmeros y biol\u00f3gicos.<\/li>\n<li>Biomateriales bioinspirados y nanotecnolog\u00eda en el dise\u00f1o de materiales biomim\u00e9ticos.<\/li>\n<li>T\u00e9cnicas avanzadas para la preparaci\u00f3n y caracterizaci\u00f3n de biomateriales.<\/li>\n<li>Biomateriales y nanomateriales portadores de est\u00edmulos: diferenciaci\u00f3n, mecano-regulaci\u00f3n, liberaci\u00f3n de f\u00e1rmacos, etc.<\/li>\n<li>Nanocarriers para la administraci\u00f3n de \u00e1cidos nucleicos.<\/li>\n<li>Interacci\u00f3n biomaterial-hu\u00e9sped.<\/li>\n<li>Biomateriales para funciones espec\u00edficas: c\u00e1ncer, vascularizaci\u00f3n, biomineralizaci\u00f3n, etc.<\/li>\n<li>Teran\u00f3stica: nanomedicina para diagn\u00f3stico y tratamiento combinados.<\/li>\n<li>Nanoelectr\u00f3nica y biosensores para aplicaciones m\u00e9dicas.<\/li>\n<li>Nanotecnolog\u00eda en medicina personalizada.<\/li>\n<\/ul>\n<p>Esta sesi\u00f3n representa una plataforma \u00fanica para promover la interdisciplinariedad y la sinergia entre ingenier\u00eda biom\u00e9dica y medicina a trav\u00e9s de la nanotecnolog\u00eda y los biomateriales. Esperamos contar con su participaci\u00f3n y contribuciones para impulsar a\u00fan m\u00e1s los avances en estos campos y mejorar la salud y el bienestar de las personas.<\/p>\n<hr \/>\n<p>Los trabajos deber\u00e1n enviarse siguiendo las indicaciones de la web del congreso: <a href=\"https:\/\/caseib.es\/2024\/envio-de-trabajos\/\">https:\/\/caseib.es\/2024\/envio-de-trabajos\/<\/a><\/p>\n<p>Adem\u00e1s, los autores deber\u00e1n notificar a los organizadores de esta sesi\u00f3n el t\u00edtulo del trabajo enviado a la sesi\u00f3n especial.<\/p>\n<p><a href=\"https:\/\/caseib.es\/2024\/wp-content\/uploads\/2024\/07\/CASEIB2024-Sesion-especial-Nanomedicina-y-Biomateriales.pdf\" target=\"_blank\" rel=\"noopener\">Llamada de trabajos en PDF<\/a><\/p>\n","protected":false},"excerpt":{"rendered":"<p>Organizadores Ar\u00e1nzazu Villasante, Instituto de Bioingenier\u00eda de Catalu\u00f1a (IBEC), avillasante@ibecbarcelona.eu Gustavo V\u00edctor Guinea Tortuero, Universidad Polit\u00e9cnica de Madrid, gustavovictor.guinea@ctb.upm.es Enrique Javier G\u00f3mez Aguilera, Universidad Polit\u00e9cnica de Madrid, enriquejavier.gomez@upm.es El incremento notable en la esperanza de vida en los \u00faltimos a\u00f1os ha tenido como consecuencia la necesidad de proveer de nuevas\u2026<\/p>\n<p> <a class=\"continue-reading-link\" href=\"https:\/\/caseib.es\/2024\/sesion-especial-biomateriales\/\"><span>VER MAS<\/span><i class=\"crycon-right-dir\"><\/i><\/a> <\/p>\n","protected":false},"author":7,"featured_media":0,"parent":0,"menu_order":0,"comment_status":"closed","ping_status":"closed","template":"","meta":{"footnotes":""},"class_list":["post-3702","page","type-page","status-publish","hentry"],"_links":{"self":[{"href":"https:\/\/caseib.es\/2024\/wp-json\/wp\/v2\/pages\/3702","targetHints":{"allow":["GET"]}}],"collection":[{"href":"https:\/\/caseib.es\/2024\/wp-json\/wp\/v2\/pages"}],"about":[{"href":"https:\/\/caseib.es\/2024\/wp-json\/wp\/v2\/types\/page"}],"author":[{"embeddable":true,"href":"https:\/\/caseib.es\/2024\/wp-json\/wp\/v2\/users\/7"}],"replies":[{"embeddable":true,"href":"https:\/\/caseib.es\/2024\/wp-json\/wp\/v2\/comments?post=3702"}],"version-history":[{"count":10,"href":"https:\/\/caseib.es\/2024\/wp-json\/wp\/v2\/pages\/3702\/revisions"}],"predecessor-version":[{"id":4217,"href":"https:\/\/caseib.es\/2024\/wp-json\/wp\/v2\/pages\/3702\/revisions\/4217"}],"wp:attachment":[{"href":"https:\/\/caseib.es\/2024\/wp-json\/wp\/v2\/media?parent=3702"}],"curies":[{"name":"wp","href":"https:\/\/api.w.org\/{rel}","templated":true}]}}