{"id":3758,"date":"2023-06-19T17:16:16","date_gmt":"2023-06-19T16:16:16","guid":{"rendered":"https:\/\/caseib.es\/2024\/?page_id=3758"},"modified":"2024-05-23T09:25:35","modified_gmt":"2024-05-23T08:25:35","slug":"comite-organizador","status":"publish","type":"page","link":"https:\/\/caseib.es\/2024\/comite-organizador\/","title":{"rendered":"COMIT\u00c9 ORGANIZADOR"},"content":{"rendered":"<p><strong>Presidente<\/strong><\/p>\n<ul>\n<li>Javier Reina Tosina<\/li>\n<\/ul>\n<p><strong>Secretaria del Comit\u00e9 Organizador<\/strong><\/p>\n<ul>\n<li>Bego\u00f1a Acha Pi\u00f1ero<\/li>\n<\/ul>\n<p><strong>Secretaria del Comit\u00e9 Cient\u00edfico<\/strong><\/p>\n<ul>\n<li>Carmen Serrano Gotarredona<\/li>\n<\/ul>\n<p><strong>Vocales<\/strong><\/p>\n<ul>\n<li>Gerardo Barbarov Rost\u00e1n<\/li>\n<li>Alejandro Barriga Rivera<\/li>\n<li>Juan Antonio Becerra Gonz\u00e1lez<\/li>\n<li>Rafael Boloix Tortosa<\/li>\n<li>Miguel Borrego Casado<\/li>\n<li>Jorge Calvillo Arbizu<\/li>\n<li>M\u00aa del Mar Elena P\u00e9rez<\/li>\n<li>Irene Fond\u00f3n Garc\u00eda<\/li>\n<li>Susana Gayt\u00e1n Gu\u00eda<\/li>\n<li>Mar\u00eda Jos\u00e9 Madero Ayora<\/li>\n<li>Rub\u00e9n Mart\u00edn Clemente<\/li>\n<li>Iv\u00e1n Matas Gonz\u00e1lez<\/li>\n<li>David Naranjo Hern\u00e1ndez<\/li>\n<li>Miguel Nogales Gonz\u00e1lez-Regueral<\/li>\n<li>Jos\u00e9 Antonio P\u00e9rez Carrasco<\/li>\n<li>Isabel Rom\u00e1n Mart\u00ednez<\/li>\n<li>M\u00aa. Auxiliadora Sarmiento Vega<\/li>\n<li>Francisco Jos\u00e9 Simois Tirado<\/li>\n<li>Alejandro Talaminos Barroso<\/li>\n<\/ul>\n","protected":false},"excerpt":{"rendered":"<p>Presidente Javier Reina Tosina Secretaria del Comit\u00e9 Organizador Bego\u00f1a Acha Pi\u00f1ero Secretaria del Comit\u00e9 Cient\u00edfico Carmen Serrano Gotarredona Vocales Gerardo Barbarov Rost\u00e1n Alejandro Barriga Rivera Juan Antonio Becerra Gonz\u00e1lez Rafael Boloix Tortosa Miguel Borrego Casado Jorge Calvillo Arbizu M\u00aa del Mar Elena P\u00e9rez Irene Fond\u00f3n Garc\u00eda Susana Gayt\u00e1n Gu\u00eda Mar\u00eda\u2026<\/p>\n<p> <a class=\"continue-reading-link\" href=\"https:\/\/caseib.es\/2024\/comite-organizador\/\"><span>VER MAS<\/span><i class=\"crycon-right-dir\"><\/i><\/a> <\/p>\n","protected":false},"author":7,"featured_media":0,"parent":0,"menu_order":0,"comment_status":"closed","ping_status":"closed","template":"","meta":{"footnotes":""},"class_list":["post-3758","page","type-page","status-publish","hentry"],"_links":{"self":[{"href":"https:\/\/caseib.es\/2024\/wp-json\/wp\/v2\/pages\/3758","targetHints":{"allow":["GET"]}}],"collection":[{"href":"https:\/\/caseib.es\/2024\/wp-json\/wp\/v2\/pages"}],"about":[{"href":"https:\/\/caseib.es\/2024\/wp-json\/wp\/v2\/types\/page"}],"author":[{"embeddable":true,"href":"https:\/\/caseib.es\/2024\/wp-json\/wp\/v2\/users\/7"}],"replies":[{"embeddable":true,"href":"https:\/\/caseib.es\/2024\/wp-json\/wp\/v2\/comments?post=3758"}],"version-history":[{"count":12,"href":"https:\/\/caseib.es\/2024\/wp-json\/wp\/v2\/pages\/3758\/revisions"}],"predecessor-version":[{"id":4175,"href":"https:\/\/caseib.es\/2024\/wp-json\/wp\/v2\/pages\/3758\/revisions\/4175"}],"wp:attachment":[{"href":"https:\/\/caseib.es\/2024\/wp-json\/wp\/v2\/media?parent=3758"}],"curies":[{"name":"wp","href":"https:\/\/api.w.org\/{rel}","templated":true}]}}

COMITÉ ORGANIZADOR

<p><strong>Presidente</strong></p>
<ul>
<li>Javier Reina Tosina</li>
</ul>
<p><strong>Secretaria del Comité Organizador</strong></p>
<ul>
<li>Begoña Acha Piñero</li>
</ul>
<p><strong>Secretaria del Comité Científico</strong></p>
<ul>
<li>Carmen Serrano Gotarredona</li>
</ul>
<p><strong>Vocales</strong></p>
<ul>
<li>Gerardo Barbarov Rostán</li>
<li>Alejandro Barriga Rivera</li>
<li>Juan Antonio Becerra González</li>
<li>Rafael Boloix Tortosa</li>
<li>Miguel Borrego Casado</li>
<li>Jorge Calvillo Arbizu</li>
<li>Mª del Mar Elena Pérez</li>
<li>Irene Fondón García</li>
<li>Susana Gaytán Guía</li>
<li>María José Madero Ayora</li>
<li>Rubén Martín Clemente</li>
<li>Iván Matas González</li>
<li>David Naranjo Hernández</li>
<li>Miguel Nogales González-Regueral</li>
<li>José Antonio Pérez Carrasco</li>
<li>Isabel Román Martínez</li>
<li>Mª. Auxiliadora Sarmiento Vega</li>
<li>Francisco José Simois Tirado</li>
<li>Alejandro Talaminos Barroso</li>
</ul>

<p>Presidente Javier Reina Tosina Secretaria del Comité Organizador Begoña Acha Piñero Secretaria del Comité Científico Carmen Serrano Gotarredona Vocales Gerardo Barbarov Rostán Alejandro Barriga Rivera Juan Antonio Becerra González Rafael Boloix Tortosa Miguel Borrego Casado Jorge Calvillo Arbizu Mª del Mar Elena Pérez Irene Fondón García Susana Gaytán Guía María…</p>
<p> <a class="continue-reading-link" href="https://caseib.es/2024/comite-organizador/"><span>VER MAS</span><i class="crycon-right-dir"></i></a> </p>
