{"id":3917,"date":"2023-07-19T12:02:11","date_gmt":"2023-07-19T11:02:11","guid":{"rendered":"https:\/\/caseib.es\/2024\/?page_id=3917"},"modified":"2024-05-24T10:02:45","modified_gmt":"2024-05-24T09:02:45","slug":"premios-seib","status":"publish","type":"page","link":"https:\/\/caseib.es\/2024\/premios-seib\/","title":{"rendered":"PREMIOS SEIB"},"content":{"rendered":"<p>La <a href=\"https:\/\/seib.org.es\/\">Sociedad Espa\u00f1ola de Ingenier\u00eda Biom\u00e9dica (SEIB)<\/a> para reconocer y poner en valor la trayectoria de los j\u00f3venes investigadores socios de la SEIB en las diferentes \u00e1reas de la Ingenier\u00eda Biom\u00e9dica convoca la <strong>segunda edici\u00f3n<\/strong> de dos premios: <strong>premio SEIB a la mejor Tesis Doctoral en 2023 y premio SEIB al mejor art\u00edculo cient\u00edfico publicado en 2023 por j\u00f3venes investigadores<\/strong>.<\/p>\n<p>La entrega de los premios se efectuar\u00e1 durante el XLII Congreso Anual de la Sociedad Espa\u00f1ola de Ingenier\u00eda Biom\u00e9dica (CASEIB 2024).<\/p>\n<p><strong>Premio de la Sociedad Espa\u00f1ola de Ingenier\u00eda Biom\u00e9dica a la mejor Tesis Doctoral en 2023.<\/strong><\/p>\n<p>La SEIB convoca la II Edici\u00f3n del Premio a la Mejor Tesis Doctoral con la finalidad de reconocer y estimular la investigaci\u00f3n desarrollada en el \u00e1rea de la Ingenier\u00eda Biom\u00e9dica por estudiantes de Doctorado miembros de la SEIB, que hayan defendido su Tesis Doctoral durante el a\u00f1o 2023. A continuaci\u00f3n, se indica la documentaci\u00f3n donde se especifica la normativa del premio, los requisitos de participaci\u00f3n, documentaci\u00f3n a presentar, criterios de evaluaci\u00f3n, as\u00ed como los anexos para enviar la documentaci\u00f3n solicitada.<\/p>\n<ul>\n<li><a href=\"https:\/\/caseib.es\/2024\/wp-content\/uploads\/2024\/05\/Convocatoria_Premio_Tesis_Doctoral_2024-submit.pdf\">Convocatoria Premio SEIB a la mejor Tesis Doctoral 2023<\/a><\/li>\n<li><a href=\"https:\/\/caseib.es\/2024\/wp-content\/uploads\/2024\/05\/Anexo_Premio_Tesis_Doctoral_2024.docx\">Anexos de la Convocatoria Premio SEIB a la mejor Tesis Doctoral 2023<\/a><\/li>\n<\/ul>\n<p><strong>Premio de la Sociedad Espa\u00f1ola de Ingenier\u00eda Biom\u00e9dica para j\u00f3venes investigadores al mejor art\u00edculo publicado en 2023.<\/strong><\/p>\n<p>La SEIB convoca la II Edici\u00f3n del Premio al mejor art\u00edculo publicado en 2023 por j\u00f3venes investigadores de edad menor o igual a 35 a\u00f1os. La SEIB busca reconocer y recompensar el esfuerzo del trabajo de sus j\u00f3venes investigadores, as\u00ed como fomentar la investigaci\u00f3n de alta calidad en el \u00e1mbito de la Ingenier\u00eda Biom\u00e9dica. A continuaci\u00f3n, se indica la normativa donde se especifica los requisitos de participaci\u00f3n, documentaci\u00f3n a presentar, criterios de evaluaci\u00f3n, as\u00ed como el anexo para enviar la documentaci\u00f3n solicitada.<\/p>\n<ul>\n<li><a href=\"https:\/\/caseib.es\/2024\/wp-content\/uploads\/2024\/05\/Convocatoria_Premio_Mejor_Articulo_2023_submit_2.pdf\">Convocatoria Premio SEIB para j\u00f3venes investigadores al mejor art\u00edculo publicado en 2023<\/a><\/li>\n<li><a href=\"https:\/\/caseib.es\/2024\/wp-content\/uploads\/2024\/05\/Anexo_Premio_Mejor_Articulo_2023.docx\">Anexo_Premio_Mejor_Articulo_2023<\/a><\/li>\n<\/ul>\n<p style=\"text-align: left;\"><span style=\"color: #ff0000;\"><strong>PLAZO DE ENV\u00cdO DE CANDIDATURAS HASTA EL 31 DE JULIO DE 2024<\/strong><\/span><\/p>\n<p>M\u00e1s informaci\u00f3n en <a href=\"https:\/\/seib.org.es\/investigacion\/premios-en-investigacion-seib\/\">https:\/\/seib.org.es\/investigacion\/premios-en-investigacion-seib\/<\/a><\/p>\n","protected":false},"excerpt":{"rendered":"<p>La Sociedad Espa\u00f1ola de Ingenier\u00eda Biom\u00e9dica (SEIB) para reconocer y poner en valor la trayectoria de los j\u00f3venes investigadores socios de la SEIB en las diferentes \u00e1reas de la Ingenier\u00eda Biom\u00e9dica convoca la segunda edici\u00f3n de dos premios: premio SEIB a la mejor Tesis Doctoral en 2023 y premio SEIB\u2026<\/p>\n<p> <a class=\"continue-reading-link\" href=\"https:\/\/caseib.es\/2024\/premios-seib\/\"><span>VER MAS<\/span><i class=\"crycon-right-dir\"><\/i><\/a> <\/p>\n","protected":false},"author":7,"featured_media":0,"parent":0,"menu_order":0,"comment_status":"closed","ping_status":"closed","template":"","meta":{"footnotes":""},"class_list":["post-3917","page","type-page","status-publish","hentry"],"_links":{"self":[{"href":"https:\/\/caseib.es\/2024\/wp-json\/wp\/v2\/pages\/3917","targetHints":{"allow":["GET"]}}],"collection":[{"href":"https:\/\/caseib.es\/2024\/wp-json\/wp\/v2\/pages"}],"about":[{"href":"https:\/\/caseib.es\/2024\/wp-json\/wp\/v2\/types\/page"}],"author":[{"embeddable":true,"href":"https:\/\/caseib.es\/2024\/wp-json\/wp\/v2\/users\/7"}],"replies":[{"embeddable":true,"href":"https:\/\/caseib.es\/2024\/wp-json\/wp\/v2\/comments?post=3917"}],"version-history":[{"count":10,"href":"https:\/\/caseib.es\/2024\/wp-json\/wp\/v2\/pages\/3917\/revisions"}],"predecessor-version":[{"id":4195,"href":"https:\/\/caseib.es\/2024\/wp-json\/wp\/v2\/pages\/3917\/revisions\/4195"}],"wp:attachment":[{"href":"https:\/\/caseib.es\/2024\/wp-json\/wp\/v2\/media?parent=3917"}],"curies":[{"name":"wp","href":"https:\/\/api.w.org\/{rel}","templated":true}]}}