{"id":37,"date":"2015-02-03T19:11:14","date_gmt":"2015-02-03T18:11:14","guid":{"rendered":"http:\/\/localhost\/caseib15\/?page_id=37"},"modified":"2025-02-12T15:38:21","modified_gmt":"2025-02-12T14:38:21","slug":"sede","status":"publish","type":"page","link":"https:\/\/caseib.es\/2025\/sede\/","title":{"rendered":"SEDE"},"content":{"rendered":"<p>La Universidad de Zaragoza (UZ) es una instituci\u00f3n p\u00fablica de educaci\u00f3n superior con m\u00e1s de cinco siglos de historia. Su origen se remonta al siglo XII, como un estudio de artes creado por la iglesia, y fue elevada a la categor\u00eda de \u00abUniversitas magistrorum\u00bb en 1474 por el papa Sixto IV, a petici\u00f3n de Fernando el Cat\u00f3lico. Sin embargo, su consolidaci\u00f3n como universidad lleg\u00f3 en 1542 con la firma de un privilegio por el emperador Carlos V. Desde entonces, la Universidad ha desempe\u00f1ado un papel clave en la educaci\u00f3n y la investigaci\u00f3n en Espa\u00f1a, destacando figuras como Santiago Ram\u00f3n y Cajal o Jos\u00e9 Mart\u00ed entre quienes pasaron por sus aulas. En la actualidad, la UZ es un referente acad\u00e9mico con una amplia oferta de titulaciones en diversas \u00e1reas del conocimiento y presencia en varias ciudades de Arag\u00f3n. Adem\u00e1s, forma parte del Campus de Excelencia Internacional Iberus, un reconocimiento a su excelencia acad\u00e9mica e investigadora.<\/p>\n<p>El congreso CASEIB 2025 tendr\u00e1 lugar en la Escuela de Ingenier\u00eda y Arquitectura (EINA), ubicada en el Campus R\u00edo Ebro, en el edificio Betancourt. La EINA es el principal centro de formaci\u00f3n en ingenier\u00eda y arquitectura de la Universidad de Zaragoza. Naci\u00f3 en 2011 como resultado de la integraci\u00f3n del Centro Polit\u00e9cnico Superior y la Escuela Universitaria de Ingenier\u00eda T\u00e9cnica Industrial de Zaragoza, heredando as\u00ed m\u00e1s de un siglo de ense\u00f1anza t\u00e9cnica en la regi\u00f3n.<\/p>\n<p style=\"text-align: center;\"><iframe src=\"https:\/\/www.google.com\/maps\/embed?pb=!1m18!1m12!1m3!1d3196.976489183742!2d-0.8887730236917012!3d41.683687271263764!2m3!1f0!2f0!3f0!3m2!1i1024!2i768!4f13.1!3m3!1m2!1s0xd59135de65d634f%3A0xc474585bb0ec375b!2sUniversidad%20de%20Zaragoza%3A%20Escuela%20de%20Ingenier%C3%ADa%20y%20Arquitectura!5e1!3m2!1ses!2ses!4v1739370088695!5m2!1ses!2ses\" width=\"600\" height=\"450\" style=\"border:0;\" allowfullscreen=\"allowfullscreen\" loading=\"lazy\" referrerpolicy=\"no-referrer-when-downgrade\"><\/iframe><\/p>\n<p>El origen de estos estudios se remonta a 1895 con la creaci\u00f3n de la Escuela de Artes y Oficios de Zaragoza, que m\u00e1s tarde se convirti\u00f3 en la Escuela Superior de Artes Industriales e Industrias. En 1942, la instituci\u00f3n evolucion\u00f3 hacia la Escuela de Peritos Industriales, y en 1972 se transform\u00f3 en la Escuela Universitaria de Ingenier\u00eda T\u00e9cnica Industrial de Zaragoza (EUTIZ), integr\u00e1ndose en la Universidad de Zaragoza. Paralelamente, en 1974 se cre\u00f3 la Escuela T\u00e9cnica Superior de Ingenieros Industriales de Zaragoza (ETSIIZ), que posteriormente se convirti\u00f3 en el Centro Polit\u00e9cnico Superior (CPS). Finalmente, en 2011, ambas instituciones se fusionaron en la actual EINA, con la misi\u00f3n de adaptarse a las exigencias del Espacio Europeo de Educaci\u00f3n Superior.<\/p>\n<p>Hoy en d\u00eda, la EINA ofrece una formaci\u00f3n integral en ingenier\u00eda y arquitectura, con una amplia oferta acad\u00e9mica. En la actualidad, se imparten 10 titulaciones de grado, 9 m\u00e1steres universitarios y varios programas de doctorado en distintas \u00e1reas de ingenier\u00eda y arquitectura. Su ubicaci\u00f3n en el Campus R\u00edo Ebro facilita el acceso al congreso, con buenas conexiones de transporte p\u00fablico y f\u00e1cil llegada desde el centro de Zaragoza. La cercan\u00eda del edificio Betancourt a las principales infraestructuras de la ciudad garantiza una sede moderna y bien equipada para el desarrollo de CASEIB 2025.<\/p>\n<p>&nbsp;<\/p>\n","protected":false},"excerpt":{"rendered":"<p>La Universidad de Zaragoza (UZ) es una instituci\u00f3n p\u00fablica de educaci\u00f3n superior con m\u00e1s de cinco siglos de historia. Su origen se remonta al siglo XII, como un estudio de artes creado por la iglesia, y fue elevada a la categor\u00eda de \u00abUniversitas magistrorum\u00bb en 1474 por el papa Sixto\u2026<\/p>\n<p> <a class=\"continue-reading-link\" href=\"https:\/\/caseib.es\/2025\/sede\/\"><span>VER MAS<\/span><i class=\"crycon-right-dir\"><\/i><\/a> <\/p>\n","protected":false},"author":8,"featured_media":0,"parent":0,"menu_order":0,"comment_status":"closed","ping_status":"open","template":"","meta":{"footnotes":""},"class_list":["post-37","page","type-page","status-publish","hentry"],"_links":{"self":[{"href":"https:\/\/caseib.es\/2025\/wp-json\/wp\/v2\/pages\/37","targetHints":{"allow":["GET"]}}],"collection":[{"href":"https:\/\/caseib.es\/2025\/wp-json\/wp\/v2\/pages"}],"about":[{"href":"https:\/\/caseib.es\/2025\/wp-json\/wp\/v2\/types\/page"}],"author":[{"embeddable":true,"href":"https:\/\/caseib.es\/2025\/wp-json\/wp\/v2\/users\/8"}],"replies":[{"embeddable":true,"href":"https:\/\/caseib.es\/2025\/wp-json\/wp\/v2\/comments?post=37"}],"version-history":[{"count":73,"href":"https:\/\/caseib.es\/2025\/wp-json\/wp\/v2\/pages\/37\/revisions"}],"predecessor-version":[{"id":4660,"href":"https:\/\/caseib.es\/2025\/wp-json\/wp\/v2\/pages\/37\/revisions\/4660"}],"wp:attachment":[{"href":"https:\/\/caseib.es\/2025\/wp-json\/wp\/v2\/media?parent=37"}],"curies":[{"name":"wp","href":"https:\/\/api.w.org\/{rel}","templated":true}]}}