{"id":4717,"date":"2025-05-22T14:45:42","date_gmt":"2025-05-22T13:45:42","guid":{"rendered":"https:\/\/caseib.es\/2025\/?page_id=4717"},"modified":"2025-06-11T09:08:00","modified_gmt":"2025-06-11T08:08:00","slug":"sesion-especial-neurotecnologias","status":"publish","type":"page","link":"https:\/\/caseib.es\/2025\/sesion-especial-neurotecnologias\/","title":{"rendered":"SESI\u00d3N ESPECIAL &#8211; NEUROTECNOLOG\u00cdAS"},"content":{"rendered":"<p><strong>Organizadores<\/strong><\/p>\n<p><em>Ana de los Reyes Guzm\u00e1n, Hospital Nacional de Parapl\u00e9jicos de Toledo, <\/em><a href=\"mailto:adlos@sescam.jccm.es\"><em>adlos@sescam.jccm.es<\/em><\/a><\/p>\n<p><em>Antonio J. del Ama Espinosa, Universidad Rey Juan Carlos, <\/em><a href=\"mailto:antonio.delama@urjc.es\"><em>antonio.delama@urjc.es<\/em><\/a><\/p>\n<p><em>Ricardo Ron Angevin, Universidad de M\u00e1laga, <\/em><a href=\"mailto:rron@uma.es\"><em>rron@uma.es<\/em><\/a><\/p>\n<p><em>Roberto Hornero S\u00e1nchez, Universidad de Valladolid, <\/em><a href=\"mailto:roberto.hornero@uva.es\"><em>roberto.hornero@uva.es<\/em><\/a><\/p>\n<p>En los \u00faltimos a\u00f1os, el inter\u00e9s por el \u00e1rea de la neurotecnolog\u00eda ha crecido exponencialmente, desde su aplicaci\u00f3n en tareas de asistencia y rehabilitaci\u00f3n hasta su aplicaci\u00f3n en el modelado y el conocimiento de las capacidades cognitivas del ser humano. En el primer caso, se pretende solucionar y reducir las limitaciones provocadas por problemas motores y cognitivos que permitan mejorar la calidad de vida de personas con trastornos motores y neurol\u00f3gicos, tales como interfaces cerebro-computador, exoesqueletos rob\u00f3ticos, interfaces basadas en se\u00f1ales musculares, etc. De este modo, se pretende potenciar las terapias de rehabilitaci\u00f3n en aquellos pacientes que pueden recuperar o mejorar la movilidad perdida o la capacidad cognitiva, y por otra, proporcionarles herramientas asistenciales cuando no hay posibilidad de rehabilitaci\u00f3n. La autom\u00e1tica, en sus diferentes aspectos de percepci\u00f3n, modelado, control, monitorizaci\u00f3n, actuaci\u00f3n, interacci\u00f3n, etc., puede ofrecer soluciones activas, para paliar en cierto grado las limitaciones f\u00edsicas, sensoriales o cognitivas en el desarrollo de tareas muy diversas y en la mejora de los procesos de rehabilitaci\u00f3n. En el segundo caso, la neurotecnolog\u00eda tiene por objetivo conocer las capacidades cognitivas de profesionales que realizan actividades de riesgo, mediante modelos y tecnolog\u00edas que eval\u00faan y mejoran su rendimiento en tareas de formaci\u00f3n, en simuladores y en entornos reales.<\/p>\n<p>Esta sesi\u00f3n especial est\u00e1 organizada por la SEIB (Sociedad Espa\u00f1ola en Ingenier\u00eda Biom\u00e9dica), en colaboraci\u00f3n con AITADIS (Asociaci\u00f3n Iberoamericana de Tecnolog\u00edas de Apoyo a la Discapacidad) y el Grupo de Bioingenier\u00eda de CEA (Comit\u00e9 Espa\u00f1ol de Autom\u00e1tica), y se dedica a trabajos de investigaci\u00f3n, desarrollos y experiencias innovadoras en temas de inter\u00e9s en neurotecnolog\u00edas que pueden incluir:<\/p>\n<ul>\n<li>Exoesqueletos rob\u00f3ticos para la mejora de la manipulaci\u00f3n y de la movilidad.<\/li>\n<li>Desarrollo de pr\u00f3tesis o robots para rehabilitaci\u00f3n, tanto de extremidades superiores como inferiores.<\/li>\n<li>Interfaces multimodales para control de sistemas externos.<\/li>\n<li>Interfaces hombre-m\u00e1quina basadas en se\u00f1ales electrofisiol\u00f3gicas (EMG y EEG).<\/li>\n<li>Control de neuropr\u00f3tesis mediante t\u00e9cnicas de estimulaci\u00f3n el\u00e9ctrica funcional.<\/li>\n<li>Modelado de se\u00f1ales bioel\u00e9ctricas para el dise\u00f1o, seguimiento, predicci\u00f3n de \u00e9xito y aumento de la eficacia de la terapia en rehabilitaci\u00f3n.<\/li>\n<li>Modelos de mejora de capacidades cognitivas<\/li>\n<li>Neurofeedback<\/li>\n<li>Monitorizaci\u00f3n y evaluaci\u00f3n de carga cognitiva<\/li>\n<li>Procesamiento de se\u00f1ales fisiol\u00f3gicas en neurotecnolog\u00eda<\/li>\n<\/ul>\n<p>&nbsp;<\/p>\n<p>Los trabajos deber\u00e1n enviarse siguiendo las indicaciones de la web del congreso: <a href=\"https:\/\/caseib.es\/2025\/\">https:\/\/caseib.es\/2025\/<\/a><\/p>\n<p>Adem\u00e1s, los autores deber\u00e1n notificar a los organizadores de esta sesi\u00f3n el t\u00edtulo del trabajo enviado a la sesi\u00f3n especial.<\/p>\n","protected":false},"excerpt":{"rendered":"<p>Organizadores Ana de los Reyes Guzm\u00e1n, Hospital Nacional de Parapl\u00e9jicos de Toledo, adlos@sescam.jccm.es Antonio J. del Ama Espinosa, Universidad Rey Juan Carlos, antonio.delama@urjc.es Ricardo Ron Angevin, Universidad de M\u00e1laga, rron@uma.es Roberto Hornero S\u00e1nchez, Universidad de Valladolid, roberto.hornero@uva.es En los \u00faltimos a\u00f1os, el inter\u00e9s por el \u00e1rea de la neurotecnolog\u00eda ha\u2026<\/p>\n<p> <a class=\"continue-reading-link\" href=\"https:\/\/caseib.es\/2025\/sesion-especial-neurotecnologias\/\"><span>VER MAS<\/span><i class=\"crycon-right-dir\"><\/i><\/a> <\/p>\n","protected":false},"author":13,"featured_media":0,"parent":0,"menu_order":0,"comment_status":"closed","ping_status":"closed","template":"","meta":{"footnotes":""},"class_list":["post-4717","page","type-page","status-publish","hentry"],"_links":{"self":[{"href":"https:\/\/caseib.es\/2025\/wp-json\/wp\/v2\/pages\/4717","targetHints":{"allow":["GET"]}}],"collection":[{"href":"https:\/\/caseib.es\/2025\/wp-json\/wp\/v2\/pages"}],"about":[{"href":"https:\/\/caseib.es\/2025\/wp-json\/wp\/v2\/types\/page"}],"author":[{"embeddable":true,"href":"https:\/\/caseib.es\/2025\/wp-json\/wp\/v2\/users\/13"}],"replies":[{"embeddable":true,"href":"https:\/\/caseib.es\/2025\/wp-json\/wp\/v2\/comments?post=4717"}],"version-history":[{"count":3,"href":"https:\/\/caseib.es\/2025\/wp-json\/wp\/v2\/pages\/4717\/revisions"}],"predecessor-version":[{"id":4759,"href":"https:\/\/caseib.es\/2025\/wp-json\/wp\/v2\/pages\/4717\/revisions\/4759"}],"wp:attachment":[{"href":"https:\/\/caseib.es\/2025\/wp-json\/wp\/v2\/media?parent=4717"}],"curies":[{"name":"wp","href":"https:\/\/api.w.org\/{rel}","templated":true}]}}

SESIÓN ESPECIAL &#8211; NEUROTECNOLOGÍAS

<p><strong>Organizadores</strong></p>
<p><em>Ana de los Reyes Guzmán, Hospital Nacional de Parapléjicos de Toledo, </em><a href="mailto:adlos@sescam.jccm.es"><em>adlos@sescam.jccm.es</em></a></p>
<p><em>Antonio J. del Ama Espinosa, Universidad Rey Juan Carlos, </em><a href="mailto:antonio.delama@urjc.es"><em>antonio.delama@urjc.es</em></a></p>
<p><em>Ricardo Ron Angevin, Universidad de Málaga, </em><a href="mailto:rron@uma.es"><em>rron@uma.es</em></a></p>
<p><em>Roberto Hornero Sánchez, Universidad de Valladolid, </em><a href="mailto:roberto.hornero@uva.es"><em>roberto.hornero@uva.es</em></a></p>
<p>En los últimos años, el interés por el área de la neurotecnología ha crecido exponencialmente, desde su aplicación en tareas de asistencia y rehabilitación hasta su aplicación en el modelado y el conocimiento de las capacidades cognitivas del ser humano. En el primer caso, se pretende solucionar y reducir las limitaciones provocadas por problemas motores y cognitivos que permitan mejorar la calidad de vida de personas con trastornos motores y neurológicos, tales como interfaces cerebro-computador, exoesqueletos robóticos, interfaces basadas en señales musculares, etc. De este modo, se pretende potenciar las terapias de rehabilitación en aquellos pacientes que pueden recuperar o mejorar la movilidad perdida o la capacidad cognitiva, y por otra, proporcionarles herramientas asistenciales cuando no hay posibilidad de rehabilitación. La automática, en sus diferentes aspectos de percepción, modelado, control, monitorización, actuación, interacción, etc., puede ofrecer soluciones activas, para paliar en cierto grado las limitaciones físicas, sensoriales o cognitivas en el desarrollo de tareas muy diversas y en la mejora de los procesos de rehabilitación. En el segundo caso, la neurotecnología tiene por objetivo conocer las capacidades cognitivas de profesionales que realizan actividades de riesgo, mediante modelos y tecnologías que evalúan y mejoran su rendimiento en tareas de formación, en simuladores y en entornos reales.</p>
<p>Esta sesión especial está organizada por la SEIB (Sociedad Española en Ingeniería Biomédica), en colaboración con AITADIS (Asociación Iberoamericana de Tecnologías de Apoyo a la Discapacidad) y el Grupo de Bioingeniería de CEA (Comité Español de Automática), y se dedica a trabajos de investigación, desarrollos y experiencias innovadoras en temas de interés en neurotecnologías que pueden incluir:</p>
<ul>
<li>Exoesqueletos robóticos para la mejora de la manipulación y de la movilidad.</li>
<li>Desarrollo de prótesis o robots para rehabilitación, tanto de extremidades superiores como inferiores.</li>
<li>Interfaces multimodales para control de sistemas externos.</li>
<li>Interfaces hombre-máquina basadas en señales electrofisiológicas (EMG y EEG).</li>
<li>Control de neuroprótesis mediante técnicas de estimulación eléctrica funcional.</li>
<li>Modelado de señales bioeléctricas para el diseño, seguimiento, predicción de éxito y aumento de la eficacia de la terapia en rehabilitación.</li>
<li>Modelos de mejora de capacidades cognitivas</li>
<li>Neurofeedback</li>
<li>Monitorización y evaluación de carga cognitiva</li>
<li>Procesamiento de señales fisiológicas en neurotecnología</li>
</ul>
<p>&nbsp;</p>
<p>Los trabajos deberán enviarse siguiendo las indicaciones de la web del congreso: <a href="https://caseib.es/2025/">https://caseib.es/2025/</a></p>
<p>Además, los autores deberán notificar a los organizadores de esta sesión el título del trabajo enviado a la sesión especial.</p>

<p>Organizadores Ana de los Reyes Guzmán, Hospital Nacional de Parapléjicos de Toledo, adlos@sescam.jccm.es Antonio J. del Ama Espinosa, Universidad Rey Juan Carlos, antonio.delama@urjc.es Ricardo Ron Angevin, Universidad de Málaga, rron@uma.es Roberto Hornero Sánchez, Universidad de Valladolid, roberto.hornero@uva.es En los últimos años, el interés por el área de la neurotecnología ha…</p>
<p> <a class="continue-reading-link" href="https://caseib.es/2025/sesion-especial-neurotecnologias/"><span>VER MAS</span><i class="crycon-right-dir"></i></a> </p>
