{"id":4721,"date":"2025-05-22T14:48:58","date_gmt":"2025-05-22T13:48:58","guid":{"rendered":"https:\/\/caseib.es\/2025\/?page_id=4721"},"modified":"2025-06-11T09:04:51","modified_gmt":"2025-06-11T08:04:51","slug":"sesion-especial-biomateriales","status":"publish","type":"page","link":"https:\/\/caseib.es\/2025\/sesion-especial-biomateriales\/","title":{"rendered":"SESI\u00d3N ESPECIAL &#8211; Biomateriales y Terapias Avanzadas: Innovaci\u00f3n para la Medicina del Futuro"},"content":{"rendered":"<p><strong>Organizadores<\/strong><\/p>\n<p><em>\u00c1ngel Raya, Profesor de Investigaci\u00f3n ICREA en el Instituto de Investigaci\u00f3n Biom\u00e9dica de Bellvitge (IDIBELL), CIBER-BBN, y Universitat de Barcelona, <\/em><a href=\"mailto:araya@idibell.cat\">araya@idibell.cat<\/a><\/p>\n<p>Los biomateriales y las terapias avanzadas representan un pilar fundamental en el desarrollo de soluciones innovadoras para abordar desaf\u00edos m\u00e9dicos complejos. En este \u00e1mbito se integra el dise\u00f1o de nuevos materiales biocompatibles con estrategias terap\u00e9uticas disruptivas, como la ingenier\u00eda de tejidos, la medicina regenerativa, los sistemas de liberaci\u00f3n controlada de f\u00e1rmacos y las terapias celulares, con el objetivo de restaurar, mejorar o reemplazar funciones biol\u00f3gicas da\u00f1adas. Los avances en este campo est\u00e1n permitiendo no s\u00f3lo mejorar la eficacia de los tratamientos existentes, sino abrir asimismo nuevas v\u00edas para tratar enfermedades que carecen actualmente de opciones terap\u00e9uticas eficaces.<\/p>\n<p>Esta sesi\u00f3n especial, organizada por la SEIB (Sociedad Espa\u00f1ola en Ingenier\u00eda Biom\u00e9dica) y CIBER-BBN, se centra en investigaciones y desarrollos traslacionales que combinan el potencial de los biomateriales inteligentes con tecnolog\u00edas terap\u00e9uticas de vanguardia. Desde materiales bioactivos que promueven la regeneraci\u00f3n tisular hasta sistemas de administraci\u00f3n de f\u00e1rmacos con capacidad de respuesta a est\u00edmulos biol\u00f3gicos, los avances en este campo est\u00e1n revolucionando \u00e1reas como la oncolog\u00eda, la cardiolog\u00eda, la neurolog\u00eda y la traumatolog\u00eda, entre otras. Adem\u00e1s, el enfoque multidisciplinar de estas investigaciones, que abarca la qu\u00edmica, la biolog\u00eda, la ingenier\u00eda y la medicina, garantiza soluciones integrales y personalizadas para los pacientes.<\/p>\n<p>Entre los temas de inter\u00e9s para esta sesi\u00f3n se incluyen:<\/p>\n<ul>\n<li><strong>Dise\u00f1o y caracterizaci\u00f3n de biomateriales inteligentes <\/strong>para aplicaciones en medicina regenerativa.<\/li>\n<li><strong>Sistemas de liberaci\u00f3n controlada de f\u00e1rmacos<\/strong> y terapias dirigidas.<\/li>\n<li><strong>Ingenier\u00eda de tejidos y \u00f3rganos bioartificiales<\/strong>, incluyendo bioimpresi\u00f3n 3D y andamios biomim\u00e9ticos.<\/li>\n<li><strong>Terapias celulares avanzadas<\/strong> y combinaci\u00f3n con biomateriales.<\/li>\n<li><strong>Aplicaciones de biomateriales en diagn\u00f3stico y terapia<\/strong> (teran\u00f3stica).<\/li>\n<li><strong>Evaluaci\u00f3n de biocompatibilidad y seguridad<\/strong> de nuevos materiales y terapias.<\/li>\n<li><strong>Soluciones para enfermedades degenerativas cr\u00f3nicas <\/strong>mediante enfoques innovadores.<\/li>\n<\/ul>\n<p>Esta sesi\u00f3n reunir\u00e1 a expertos en diversas disciplinas para compartir avances, discutir retos y promover colaboraciones que aceleren la traslaci\u00f3n de estas tecnolog\u00edas hacia la cl\u00ednica, mejorando as\u00ed la calidad de vida de los pacientes.<\/p>\n<p>&nbsp;<\/p>\n<p>Los trabajos deber\u00e1n enviarse siguiendo las indicaciones descritas en la web del congreso: <a href=\"https:\/\/caseib.es\/2025\/\">https:\/\/caseib.es\/2025\/<\/a><\/p>\n<p>Adem\u00e1s, los autores deber\u00e1n notificar a los organizadores de esta sesi\u00f3n el t\u00edtulo del trabajo enviado a la sesi\u00f3n especial.<\/p>\n","protected":false},"excerpt":{"rendered":"<p>Organizadores \u00c1ngel Raya, Profesor de Investigaci\u00f3n ICREA en el Instituto de Investigaci\u00f3n Biom\u00e9dica de Bellvitge (IDIBELL), CIBER-BBN, y Universitat de Barcelona, araya@idibell.cat Los biomateriales y las terapias avanzadas representan un pilar fundamental en el desarrollo de soluciones innovadoras para abordar desaf\u00edos m\u00e9dicos complejos. En este \u00e1mbito se integra el dise\u00f1o\u2026<\/p>\n<p> <a class=\"continue-reading-link\" href=\"https:\/\/caseib.es\/2025\/sesion-especial-biomateriales\/\"><span>VER MAS<\/span><i class=\"crycon-right-dir\"><\/i><\/a> <\/p>\n","protected":false},"author":13,"featured_media":0,"parent":0,"menu_order":0,"comment_status":"closed","ping_status":"closed","template":"","meta":{"footnotes":""},"class_list":["post-4721","page","type-page","status-publish","hentry"],"_links":{"self":[{"href":"https:\/\/caseib.es\/2025\/wp-json\/wp\/v2\/pages\/4721","targetHints":{"allow":["GET"]}}],"collection":[{"href":"https:\/\/caseib.es\/2025\/wp-json\/wp\/v2\/pages"}],"about":[{"href":"https:\/\/caseib.es\/2025\/wp-json\/wp\/v2\/types\/page"}],"author":[{"embeddable":true,"href":"https:\/\/caseib.es\/2025\/wp-json\/wp\/v2\/users\/13"}],"replies":[{"embeddable":true,"href":"https:\/\/caseib.es\/2025\/wp-json\/wp\/v2\/comments?post=4721"}],"version-history":[{"count":4,"href":"https:\/\/caseib.es\/2025\/wp-json\/wp\/v2\/pages\/4721\/revisions"}],"predecessor-version":[{"id":4756,"href":"https:\/\/caseib.es\/2025\/wp-json\/wp\/v2\/pages\/4721\/revisions\/4756"}],"wp:attachment":[{"href":"https:\/\/caseib.es\/2025\/wp-json\/wp\/v2\/media?parent=4721"}],"curies":[{"name":"wp","href":"https:\/\/api.w.org\/{rel}","templated":true}]}}