{"id":4689,"date":"2025-04-30T10:25:49","date_gmt":"2025-04-30T09:25:49","guid":{"rendered":"https:\/\/caseib.es\/2026\/?page_id=4689"},"modified":"2025-10-16T15:32:53","modified_gmt":"2025-10-16T14:32:53","slug":"informacion-para-ponentes","status":"publish","type":"page","link":"https:\/\/caseib.es\/2026\/informacion-para-ponentes\/","title":{"rendered":"INFORMACI\u00d3N PARA PONENTES"},"content":{"rendered":"<p><strong>PRESENTACI\u00d3N ORAL<\/strong><\/p>\n<p>El tiempo asignado para la realizaci\u00f3n de las presentaciones orales ser\u00e1:<\/p>\n<ul>\n<li><strong>Sesiones paralelas ordinarias:<\/strong> 10 minutos de presentaci\u00f3n, seguido por 5 minutos para discusi\u00f3n y preguntas.<\/li>\n<\/ul>\n<p>Los ponentes deben ce\u00f1irse estrictamente al tiempo asignado, con el apoyo de los moderadores de cada sesi\u00f3n, para asegurar que cada participante pueda exponer su trabajo adecuadamente.<\/p>\n<p>Los ponentes deben cargar sus presentaciones en los ordenadores de las salas <strong>15 minutos antes<\/strong> del comienzo de su sesi\u00f3n.<br \/>\nTodos los ordenadores de las salas cuentan con sistema operativo <u>Windows<\/u>, <u>Microsoft PowerPoint<\/u> y <u>Adobe Acrobat PDF<\/u>.<\/p>\n<p><strong>P\u00d3STER<\/strong><\/p>\n<p data-start=\"164\" data-end=\"500\">En esta edici\u00f3n de CASEIB, los p\u00f3steres se expondr\u00e1n durante <strong data-start=\"225\" data-end=\"257\">la sesi\u00f3n de p\u00f3ster asignada<\/strong>, aunque los autores tendr\u00e1n la posibilidad de mantenerlos colgados durante toda la jornada si as\u00ed lo desean. Al final de cada d\u00eda, todos los p\u00f3steres deber\u00e1n retirarse para dejar espacio a los trabajos programados para la jornada siguiente.<\/p>\n<p data-start=\"502\" data-end=\"815\">Cada sesi\u00f3n de p\u00f3ster se ha organizado para favorecer la interacci\u00f3n de los autores con los participantes. Los autores deber\u00e1n <strong data-start=\"545\" data-end=\"610\">estar presentes frente a su p\u00f3ster durante la sesi\u00f3n asignada<\/strong>, para poder discutir su trabajo con los asistentes.<\/p>\n<p data-start=\"817\" data-end=\"967\">Estas sesiones coinciden con las <strong data-start=\"850\" data-end=\"868\">pausas de caf\u00e9<\/strong>, de forma que no se solapen con las presentaciones orales y se facilite la m\u00e1xima participaci\u00f3n.<\/p>\n<p>Los p\u00f3steres deben ajustarse a las siguientes directrices:<\/p>\n<ul>\n<li>Orientaci\u00f3n vertical<\/li>\n<li>Tama\u00f1o m\u00e1ximo: A0, 84,1 cm (ancho) x 118,9 cm (alto)<\/li>\n<\/ul>\n<p>Cada panel tendr\u00e1 indicado el ID del trabajo. La secretar\u00eda del congreso dispondr\u00e1 del material necesario para colgar los p\u00f3steres.<\/p>\n<p>Los p\u00f3sters no retirados al final del congreso ser\u00e1n destruidos.<\/p>\n","protected":false},"excerpt":{"rendered":"<p>PRESENTACI\u00d3N ORAL El tiempo asignado para la realizaci\u00f3n de las presentaciones orales ser\u00e1: Sesiones paralelas ordinarias: 10 minutos de presentaci\u00f3n, seguido por 5 minutos para discusi\u00f3n y preguntas. Los ponentes deben ce\u00f1irse estrictamente al tiempo asignado, con el apoyo de los moderadores de cada sesi\u00f3n, para asegurar que cada participante\u2026<\/p>\n<p> <a class=\"continue-reading-link\" href=\"https:\/\/caseib.es\/2026\/informacion-para-ponentes\/\"><span>VER MAS<\/span><i class=\"crycon-right-dir\"><\/i><\/a> <\/p>\n","protected":false},"author":8,"featured_media":0,"parent":0,"menu_order":0,"comment_status":"closed","ping_status":"closed","template":"","meta":{"footnotes":""},"class_list":["post-4689","page","type-page","status-publish","hentry"],"_links":{"self":[{"href":"https:\/\/caseib.es\/2026\/wp-json\/wp\/v2\/pages\/4689","targetHints":{"allow":["GET"]}}],"collection":[{"href":"https:\/\/caseib.es\/2026\/wp-json\/wp\/v2\/pages"}],"about":[{"href":"https:\/\/caseib.es\/2026\/wp-json\/wp\/v2\/types\/page"}],"author":[{"embeddable":true,"href":"https:\/\/caseib.es\/2026\/wp-json\/wp\/v2\/users\/8"}],"replies":[{"embeddable":true,"href":"https:\/\/caseib.es\/2026\/wp-json\/wp\/v2\/comments?post=4689"}],"version-history":[{"count":5,"href":"https:\/\/caseib.es\/2026\/wp-json\/wp\/v2\/pages\/4689\/revisions"}],"predecessor-version":[{"id":4838,"href":"https:\/\/caseib.es\/2026\/wp-json\/wp\/v2\/pages\/4689\/revisions\/4838"}],"wp:attachment":[{"href":"https:\/\/caseib.es\/2026\/wp-json\/wp\/v2\/media?parent=4689"}],"curies":[{"name":"wp","href":"https:\/\/api.w.org\/{rel}","templated":true}]}}