{"id":4696,"date":"2025-04-30T10:29:22","date_gmt":"2025-04-30T09:29:22","guid":{"rendered":"https:\/\/caseib.es\/2026\/?page_id=4696"},"modified":"2025-07-09T15:33:19","modified_gmt":"2025-07-09T14:33:19","slug":"comites","status":"publish","type":"page","link":"https:\/\/caseib.es\/2026\/comites\/","title":{"rendered":"COMIT\u00c9S"},"content":{"rendered":"<p>Consulta la composici\u00f3n de los diferentes comit\u00e9s que forman parte del congreso:<\/p>\n<ul>\n<li><a href=\"https:\/\/caseib.es\/2026\/comite-organizador\/\" target=\"_self\">Comit\u00e9 Organizador<\/a><\/li>\n<li><a href=\"https:\/\/caseib.es\/2026\/comite-cientifico\/\" target=\"_self\">Comit\u00e9 Cient\u00edfico<\/a><\/li>\n<\/ul>\n","protected":false},"excerpt":{"rendered":"<p>Consulta la composici\u00f3n de los diferentes comit\u00e9s que forman parte del congreso: Comit\u00e9 Organizador Comit\u00e9 Cient\u00edfico<\/p>\n<p> <a class=\"continue-reading-link\" href=\"https:\/\/caseib.es\/2026\/comites\/\"><span>VER MAS<\/span><i class=\"crycon-right-dir\"><\/i><\/a> <\/p>\n","protected":false},"author":8,"featured_media":0,"parent":0,"menu_order":0,"comment_status":"closed","ping_status":"closed","template":"","meta":{"footnotes":""},"class_list":["post-4696","page","type-page","status-publish","hentry"],"_links":{"self":[{"href":"https:\/\/caseib.es\/2026\/wp-json\/wp\/v2\/pages\/4696","targetHints":{"allow":["GET"]}}],"collection":[{"href":"https:\/\/caseib.es\/2026\/wp-json\/wp\/v2\/pages"}],"about":[{"href":"https:\/\/caseib.es\/2026\/wp-json\/wp\/v2\/types\/page"}],"author":[{"embeddable":true,"href":"https:\/\/caseib.es\/2026\/wp-json\/wp\/v2\/users\/8"}],"replies":[{"embeddable":true,"href":"https:\/\/caseib.es\/2026\/wp-json\/wp\/v2\/comments?post=4696"}],"version-history":[{"count":2,"href":"https:\/\/caseib.es\/2026\/wp-json\/wp\/v2\/pages\/4696\/revisions"}],"predecessor-version":[{"id":4793,"href":"https:\/\/caseib.es\/2026\/wp-json\/wp\/v2\/pages\/4696\/revisions\/4793"}],"wp:attachment":[{"href":"https:\/\/caseib.es\/2026\/wp-json\/wp\/v2\/media?parent=4696"}],"curies":[{"name":"wp","href":"https:\/\/api.w.org\/{rel}","templated":true}]}}