{"id":4741,"date":"2025-06-02T08:51:07","date_gmt":"2025-06-02T07:51:07","guid":{"rendered":"https:\/\/caseib.es\/2026\/?page_id=4741"},"modified":"2026-03-11T15:43:05","modified_gmt":"2026-03-11T14:43:05","slug":"inscripciones","status":"publish","type":"page","link":"https:\/\/caseib.es\/2026\/inscripciones\/","title":{"rendered":"INSCRIPCIONES"},"content":{"rendered":"\n<table id=\"tablepress-4\" class=\"tablepress tablepress-id-4\">\n<tbody class=\"row-striping\">\n<tr class=\"row-1\">\n\t<td class=\"column-1\"><strong>Cuotas de inscripci\u00f3n<\/strong><\/td><td class=\"column-2\"><\/td><td class=\"column-3\"><strong>Anticipada<br \/>\nHasta el 26\/10\/2026<\/strong><em><\/td><td class=\"column-4\"><strong>Tard\u00eda<br \/>\nDesde el 27\/10\/2026<\/strong><\/em><\/td>\n<\/tr>\n<tr class=\"row-2\">\n\t<td class=\"column-1\">No Miembro SEIB<\/td><td class=\"column-2\">General<\/td><td class=\"column-3\">470\u20ac<\/td><td class=\"column-4\">550\u20ac<\/td>\n<\/tr>\n<tr class=\"row-3\">\n\t<td class=\"column-1\">No Miembro SEIB<\/td><td class=\"column-2\">Estudiante <sup>(a)<\/sup><\/td><td class=\"column-3\">300\u20ac<\/td><td class=\"column-4\">380\u20ac<\/td>\n<\/tr>\n<tr class=\"row-4\">\n\t<td class=\"column-1\">Miembro SEIB <sup>(b)<\/sup><\/td><td class=\"column-2\">General<\/td><td class=\"column-3\">390\u20ac<\/td><td class=\"column-4\">470\u20ac<\/td>\n<\/tr>\n<tr class=\"row-5\">\n\t<td class=\"column-1\">Miembro SEIB <sup>(b)<\/sup><\/td><td class=\"column-2\">Estudiante <sup>(a)<\/sup><\/td><td class=\"column-3\">220\u20ac<\/td><td class=\"column-4\">300\u20ac<\/td>\n<\/tr>\n<tr class=\"row-6\">\n\t<td class=\"column-1\">Comunicaci\u00f3n adicional <sup>(c)<\/sup><\/td><td class=\"column-2\"><\/td><td class=\"column-3\">100\u20ac<\/td><td class=\"column-4\">120\u20ac<\/td>\n<\/tr>\n<\/tbody>\n<\/table>\n<!-- #tablepress-4 from cache -->\n<p>&nbsp;<\/p>\n<p><sup>(a)<\/sup> Los estudiantes deber\u00e1n aportar un documento acreditativo de su condici\u00f3n en el momento de formalizar su inscripci\u00f3n.<\/p>\n<p><sup>(b)<\/sup>\u00a0Se aplicar\u00e1 a los socios de la SEIB y las Sociedades Cient\u00edficas que tienen convenio con la SEIB: <a href=\"https:\/\/seib.org.es\/colaboradores\/sociedades-cientificas\/\">https:\/\/seib.org.es\/colaboradores\/sociedades-cientificas\/<\/a><\/p>\n<p><sup>(c)<\/sup> La inscripci\u00f3n da derecho a una sola comunicaci\u00f3n. Cada comunicaci\u00f3n adicional conlleva un incremento de 100\/120 \u20ac en la cuota de inscripci\u00f3n.<\/p>\n<p>&nbsp;<\/p>\n<p><strong>Plataforma para inscripciones<\/strong><\/p>\n","protected":false},"excerpt":{"rendered":"<p>&nbsp; (a) Los estudiantes deber\u00e1n aportar un documento acreditativo de su condici\u00f3n en el momento de formalizar su inscripci\u00f3n. (b)\u00a0Se aplicar\u00e1 a los socios de la SEIB y las Sociedades Cient\u00edficas que tienen convenio con la SEIB: https:\/\/seib.org.es\/colaboradores\/sociedades-cientificas\/ (c) La inscripci\u00f3n da derecho a una sola comunicaci\u00f3n. Cada comunicaci\u00f3n adicional\u2026<\/p>\n<p> <a class=\"continue-reading-link\" href=\"https:\/\/caseib.es\/2026\/inscripciones\/\"><span>VER MAS<\/span><i class=\"crycon-right-dir\"><\/i><\/a> <\/p>\n","protected":false},"author":8,"featured_media":0,"parent":0,"menu_order":0,"comment_status":"closed","ping_status":"closed","template":"","meta":{"footnotes":""},"class_list":["post-4741","page","type-page","status-publish","hentry"],"_links":{"self":[{"href":"https:\/\/caseib.es\/2026\/wp-json\/wp\/v2\/pages\/4741","targetHints":{"allow":["GET"]}}],"collection":[{"href":"https:\/\/caseib.es\/2026\/wp-json\/wp\/v2\/pages"}],"about":[{"href":"https:\/\/caseib.es\/2026\/wp-json\/wp\/v2\/types\/page"}],"author":[{"embeddable":true,"href":"https:\/\/caseib.es\/2026\/wp-json\/wp\/v2\/users\/8"}],"replies":[{"embeddable":true,"href":"https:\/\/caseib.es\/2026\/wp-json\/wp\/v2\/comments?post=4741"}],"version-history":[{"count":10,"href":"https:\/\/caseib.es\/2026\/wp-json\/wp\/v2\/pages\/4741\/revisions"}],"predecessor-version":[{"id":5047,"href":"https:\/\/caseib.es\/2026\/wp-json\/wp\/v2\/pages\/4741\/revisions\/5047"}],"wp:attachment":[{"href":"https:\/\/caseib.es\/2026\/wp-json\/wp\/v2\/media?parent=4741"}],"curies":[{"name":"wp","href":"https:\/\/api.w.org\/{rel}","templated":true}]}}